{"id":833,"date":"2020-09-14T10:35:56","date_gmt":"2020-09-14T10:35:56","guid":{"rendered":"http:\/\/desarrollo.fronteira.eu\/fronteira2020\/?page_id=833"},"modified":"2020-09-14T11:12:17","modified_gmt":"2020-09-14T11:12:17","slug":"politica-de-privacidad","status":"publish","type":"page","link":"https:\/\/www.fronteira.eu\/fronteira2020\/politica-de-privacidad\/","title":{"rendered":"Pol\u00edtica de Privacidad"},"content":{"rendered":"\n<h3><strong>INFORMACI\u00d3N BASICA SOBRE PROTECCI\u00d3N DE DATOS EN NUESTROS FORMULARIOS<\/strong><\/h3>\n\n\n\n<p>Datos del responsable del tratamiento de los datos:<\/p>\n\n\n\n<ul><li><strong>Nombre comercial<\/strong>: ASPRODES<\/li><li><strong>Denominaci\u00f3n social<\/strong>: ASPRODES<\/li><li><strong>NIF<\/strong>: G 37021946<\/li><li><strong>Domicilio social<\/strong>: C\/ Mariseca 1, 37003 Salamanca<\/li><li><strong>Tel\u00e9fono<\/strong>: 923 18 68 93<\/li><li><strong>e-mail<\/strong>: asprodes@asprodes.es<\/li><li>Inscrita en el Registro (Mercantil \/ P\u00fablico): 21 junio 1967<\/li><\/ul>\n\n\n\n<h3><strong>FORMULARIO DE CONTACTO WEB<\/strong><\/h3>\n\n\n\n<ul><li><strong>Finalidad.<\/strong>\u00a0Dar contestaci\u00f3n a su solicitud de informaci\u00f3n realizada a trav\u00e9s de nuestro formulario de contacto y enviarle comunicaciones e informaciones del PROYECTO FRONTEIRA por distintos medios, incluidos los electr\u00f3nicos, si marca la casilla destinada al efecto.<\/li><li><strong>Legitimaci\u00f3n.<\/strong>\u00a0La legitimaci\u00f3n para el tratamiento de sus datos es el consentimiento expreso del interesado.<\/li><li><strong>Destinatarios.<\/strong>\u00a0No se ceder\u00e1n datos a terceros, salvo obligaci\u00f3n legal.<\/li><\/ul>\n\n\n\n<h3><strong>DERECHOS EN EL TRATAMIENTO DE DATOS<\/strong><\/h3>\n\n\n\n<p>Para todos los tratamientos de datos presentes en esta pol\u00edtica de privacidad, podr\u00e1 ejercitar los derechos de acceso, rectificaci\u00f3n, supresi\u00f3n, oposici\u00f3n, as\u00ed como otros derechos desarrollados en informaci\u00f3n adicional.<\/p>\n\n\n\n<h3><strong>INFORMACI\u00d3N ADICIONAL SOBRE PROTECCI\u00d3N DE DATOS<\/strong><\/h3>\n\n\n\n<p>Los datos que ASPRODES pueda recopilar por el uso, navegaci\u00f3n de la p\u00e1gina web, a trav\u00e9s de nuestros formularios, v\u00eda email o con motivo de la relaci\u00f3n contractual que le une con ASPRODES \u00a0son datos de car\u00e1cter personal. A la hora de cumplimentar cada uno de los formularios presentes en nuestra p\u00e1gina web existir\u00e1n una serie de datos obligatorios, cuyos campos se encuentran marcados con el s\u00edmbolo *. En el caso de no rellenar tales campos, no se podr\u00e1n llevar a cabo las finalidades descritas de cada uno de los formularios.<\/p>\n\n\n\n<p>En algunas ocasiones, le informamos de que, por el simple uso y navegaci\u00f3n en nuestra P\u00e1gina web, ASPRODES \u00a0almacenar\u00e1 datos relativos a:<\/p>\n\n\n\n<ul><li>Direcci\u00f3n IP<\/li><li>Versi\u00f3n del navegador<\/li><li>Sistema operativo<\/li><li>Duraci\u00f3n de la visita o navegaci\u00f3n por la P\u00e1gina web<\/li><\/ul>\n\n\n\n<p>ASPRODES \u00a0se reserva el derecho a modificar o adaptar la presente Pol\u00edtica de Privacidad en todo momento. Por lo tanto, le recomendamos que revise la misma cada vez que acceda a la P\u00e1gina Web.<\/p>\n\n\n\n<p><strong>\u00bfCon qu\u00e9 finalidad tratamos sus datos personales?<\/strong><\/p>\n\n\n\n<p>La finalidad del tratamiento de los datos recabados mediante los formularios disponibles en nuestra p\u00e1gina web, v\u00eda email o en virtud de la relaci\u00f3n contractual que le une con ASPRODES &nbsp;ser\u00e1 la descrita, en cada caso, en la informaci\u00f3n b\u00e1sica sobre protecci\u00f3n de datos.<\/p>\n\n\n\n<p><strong>\u00bfDurante cu\u00e1nto tiempo vamos a conservar sus datos personales?<\/strong> <\/p>\n\n\n\n<p>En ASPRODES vamos a conservar sus datos de car\u00e1cter personal durante los plazos establecidos en el recuadro que aparece a continuaci\u00f3n:<\/p>\n\n\n\n<table class=\"tablaprivacidad\" style=\"display: block; margin: 0 auto 20px; width: 100%;\" cellspacing=\"0\" cellpadding=\"0\" border=\"1\">\n<tbody>\n<tr>\n<td><strong>TRATAMIENTO DE DATOS<\/strong><\/td>\n<td style=\"background-color: #eee;\" colspan=\"2\"><strong>TIEMPO DE CONSERVACION DE DATOS<\/strong><\/td>\n<\/tr>\n<tr>\n<td rowspan=\"2\"><strong>Formulario de contacto web con publicidad<\/strong><\/td>\n<td style=\"background-color: #eee;\"><strong>Acepta recibir publicidad<\/strong><\/td>\n<td>Sus datos de car\u00e1cter personal ser\u00e1n tratados hasta que se revoque el consentimiento otorgado al efecto.<\/td>\n<\/tr>\n<tr>\n<td style=\"background-color: #eee;\"><strong>No acepta recibir publicidad<\/strong><\/td>\n<td>Sus datos de car\u00e1cter personal ser\u00e1n tratados durante el tiempo estrictamente necesario para atender a su solicitud.<\/td>\n<\/tr>\n<\/tbody>\n<\/table>\n\n\n\n<p><strong>\u00bfCu\u00e1l es la legitimaci\u00f3n para el tratamiento de sus datos?<\/strong><\/p>\n\n\n\n<p>La legitimaci\u00f3n para el tratamiento de los datos que alberga la presente pol\u00edtica de privacidad es:<\/p>\n\n\n\n<ul><li><strong>Ejecuci\u00f3n de un contrato<\/strong>\u00a0de prestaci\u00f3n de servicios<\/li><li><strong>Consentimiento expl\u00edcito del interesado en los siguientes tratamientos de datos:<\/strong><br>\u2013 Tratamiento de los datos en los formularios de contacto web.<br>\u2013 Difusi\u00f3n a trav\u00e9s de p\u00e1gina web y redes sociales de las im\u00e1genes o v\u00eddeos captados durante su participaci\u00f3n en cursos y formaciones.<br>\u2013 Tratamiento de los datos de clientes que aparecen reflejados en las facturas.<\/li><li><strong>Cumplimiento de una obligaci\u00f3n legal:<\/strong><br>\u2013 Los plazos de conservaci\u00f3n de sus datos una vez finalizada la relaci\u00f3n contractual se basa en el cumplimiento de lo establecido en el C\u00f3digo de Comercio.<br>\u2013 Comunicaci\u00f3n de sus datos cuando as\u00ed lo solicite la Inspecci\u00f3n de Hacienda est\u00e1 amparada por la Ley 58\/2003, de 17 de Diciembre, General Tributaria<\/li><\/ul>\n\n\n\n<p><strong>\u00bfA qu\u00e9 destinatarios se comunicar\u00e1n sus datos?<\/strong><\/p>\n\n\n\n<p>Tal y como se ha indicado en la informaci\u00f3n b\u00e1sica no se ceder\u00e1n datos a terceros salvo obligaci\u00f3n legal. <\/p>\n\n\n\n<p>En aquellos casos en que sea necesario, los datos de clientes podr\u00e1n ser cedidos a los siguientes organismos, en cumplimiento una obligaci\u00f3n legal:<\/p>\n\n\n\n<ul><li>Se podr\u00e1n ceder a la Agencia Tributaria Espa\u00f1ola aquellos datos necesarios para el cumplimiento de la obligaci\u00f3n legal.<\/li><li>A las entidades bancarias que corresponda, para estar al corriente de pagos.<\/li><li>En el supuesto de que nos sea solicitado, sus datos ser\u00e1n cedidos a la Inspecci\u00f3n de Trabajo<\/li><\/ul>\n\n\n\n<p>En el supuesto de que nos haya dado su consentimiento para el tratamiento de sus v\u00eddeos e im\u00e1genes captados durante su participaci\u00f3n en cursos o formaciones de ASPRODES se divulgar\u00e1n en las diferentes redes sociales y p\u00e1gina web de PROYECTO FRONTEIRA. A tal efecto, recomendamos la revisi\u00f3n de la pol\u00edtica de privacidad de las redes sociales principalmente utilizadas por ASPRODES: Facebook e Instagram: Las redes sociales, al ser norteamericanas, pueden transferir datos a Estados Unidos por lo que le recomendamos conocer sus respectivas pol\u00edticas de privacidad.<\/p>\n\n\n\n<p><strong>\u00bfCu\u00e1les son sus derechos en relaci\u00f3n con el tratamiento de datos?<\/strong><\/p>\n\n\n\n<p>Usted como titular de datos tiene derecho a obtener confirmaci\u00f3n sobre la existencia de un tratamiento de sus datos, a acceder a sus datos personales, solicitar la rectificaci\u00f3n de los datos que sean inexactos o, en su caso, solicitar la supresi\u00f3n, cuando entre otros motivos, los datos ya no sean necesarios para los fines para los que fueron recogidos o usted como interesado retire el consentimiento otorgado. ASPRODES tratar\u00e1 y conservar\u00e1 sus datos de acuerdo con la normativa vigente, sin perjuicio de que como interesado pueda solicitar en todo caso, la limitaci\u00f3n del tratamiento de sus datos. En ciertos supuestos podr\u00e1 ejercitar su derecho a la portabilidad de los datos, que ser\u00e1n entregados en un formato estructurado, de uso com\u00fan o lectura mec\u00e1nica a usted o al nuevo responsable de tratamiento que designe. Tendr\u00e1 derecho a revocar en cualquier momento el consentimiento para cualquiera de los tratamientos para los que lo ha otorgado. Disponemos de formularios para el ejercicio de todos los derechos anteriormente indicados, no obstante tambi\u00e9n puede utilizar los elaborados por la Agencia Espa\u00f1ola de Protecci\u00f3n de Datos. Tendr\u00e1 derecho a presentar una reclamaci\u00f3n ante la Agencia Espa\u00f1ola de Protecci\u00f3n de Datos en el supuesto de que considere que no se ha atendido convenientemente el ejercicio de sus derechos. El plazo m\u00e1ximo para resolver ser\u00e1 el de un mes a contar desde la recepci\u00f3n de su solicitud. En el caso de producirse alguna modificaci\u00f3n de sus datos, le agradecemos nos lo comunique debidamente por escrito con la finalidad de mantener sus datos actualizados.<\/p>\n","protected":false},"excerpt":{"rendered":"<p>INFORMACI\u00d3N BASICA SOBRE PROTECCI\u00d3N DE DATOS EN NUESTROS FORMULARIOS Datos del responsable del tratamiento de los datos: Nombre comercial: ASPRODES Denominaci\u00f3n social: ASPRODES NIF: G 37021946 Domicilio social: C\/ Mariseca 1, 37003 Salamanca Tel\u00e9fono: 923 18 68 93 e-mail: asprodes@asprodes.es<\/p>\n","protected":false},"author":1,"featured_media":0,"parent":0,"menu_order":0,"comment_status":"closed","ping_status":"closed","template":"","meta":[],"_links":{"self":[{"href":"https:\/\/www.fronteira.eu\/fronteira2020\/wp-json\/wp\/v2\/pages\/833"}],"collection":[{"href":"https:\/\/www.fronteira.eu\/fronteira2020\/wp-json\/wp\/v2\/pages"}],"about":[{"href":"https:\/\/www.fronteira.eu\/fronteira2020\/wp-json\/wp\/v2\/types\/page"}],"author":[{"embeddable":true,"href":"https:\/\/www.fronteira.eu\/fronteira2020\/wp-json\/wp\/v2\/users\/1"}],"replies":[{"embeddable":true,"href":"https:\/\/www.fronteira.eu\/fronteira2020\/wp-json\/wp\/v2\/comments?post=833"}],"version-history":[{"count":20,"href":"https:\/\/www.fronteira.eu\/fronteira2020\/wp-json\/wp\/v2\/pages\/833\/revisions"}],"predecessor-version":[{"id":888,"href":"https:\/\/www.fronteira.eu\/fronteira2020\/wp-json\/wp\/v2\/pages\/833\/revisions\/888"}],"wp:attachment":[{"href":"https:\/\/www.fronteira.eu\/fronteira2020\/wp-json\/wp\/v2\/media?parent=833"}],"curies":[{"name":"wp","href":"https:\/\/api.w.org\/{rel}","templated":true}]}}