{"id":660,"date":"2020-06-19T07:51:09","date_gmt":"2020-06-19T07:51:09","guid":{"rendered":"http:\/\/desarrollo.fronteira.eu\/fronteira2020\/?page_id=660"},"modified":"2020-06-19T07:58:00","modified_gmt":"2020-06-19T07:58:00","slug":"emprego-verde","status":"publish","type":"page","link":"https:\/\/www.fronteira.eu\/fronteira2020\/pt\/novos-depositos-de-emprego\/emprego-verde\/","title":{"rendered":"Emprego Verde"},"content":{"rendered":"\n<p>Com o emprego verde, encontramos oportunidades que respondem \u00e0s necessidades ambientais que est\u00e3o em pleno vigor. Por exemplo, a economia de baixo carbono, a conserva\u00e7\u00e3o do patrim\u00f4nio natural e cultural ou a gest\u00e3o eficiente dos recursos naturais.<\/p>\n\n\n\n<p>Nesse novo local de trabalho, s\u00e3o criadas at\u00e9 25 atividades em potencial para cria\u00e7\u00e3o de empregos, agrupadas em diferentes blocos, como restaura\u00e7\u00e3o da paisagem de \u00e1reas degradadas, conserva\u00e7\u00e3o da biodiversidade, cust\u00f3dia do territ\u00f3rio, produ\u00e7\u00e3o inovadora em viveiros. , educa\u00e7\u00e3o ambiental, manejo florestal ou reciclagem.<\/p>\n\n\n\n<p>O projeto On Inclusive Entrepreneur trabalhou nessas novas fontes de emprego, fornecendo informa\u00e7\u00f5es, certificados de profissionalismo, materiais de treinamento, informa\u00e7\u00f5es sobre fundos europeus relacionados e referindo-se aos modelos de interven\u00e7\u00e3o de Novas Fontes de Emprego.<\/p>\n\n\n\n<p><\/p>\n\n\n\n<p class=\"enlace-oninclusive\"><strong><a href=\"https:\/\/oninclusiventrepreneur.com\/novas-oportunidades-de-emprego\/emprego-verde-servicos-ambientais\/\" target=\"_blank\" rel=\"noreferrer noopener\">Consulte os recursos sobre Novos Dep\u00f3sitos Verdes de Emprego no site do projeto On Inclusive Entrepreneur<\/a><\/strong>.<\/p>\n","protected":false},"excerpt":{"rendered":"<p>Com o emprego verde, encontramos oportunidades que respondem \u00e0s necessidades ambientais que est\u00e3o em pleno vigor. Por exemplo, a economia de baixo carbono, a conserva\u00e7\u00e3o do patrim\u00f4nio natural e cultural ou a gest\u00e3o eficiente dos recursos naturais. Nesse novo local<\/p>\n","protected":false},"author":1,"featured_media":0,"parent":656,"menu_order":0,"comment_status":"closed","ping_status":"closed","template":"","meta":[],"_links":{"self":[{"href":"https:\/\/www.fronteira.eu\/fronteira2020\/wp-json\/wp\/v2\/pages\/660"}],"collection":[{"href":"https:\/\/www.fronteira.eu\/fronteira2020\/wp-json\/wp\/v2\/pages"}],"about":[{"href":"https:\/\/www.fronteira.eu\/fronteira2020\/wp-json\/wp\/v2\/types\/page"}],"author":[{"embeddable":true,"href":"https:\/\/www.fronteira.eu\/fronteira2020\/wp-json\/wp\/v2\/users\/1"}],"replies":[{"embeddable":true,"href":"https:\/\/www.fronteira.eu\/fronteira2020\/wp-json\/wp\/v2\/comments?post=660"}],"version-history":[{"count":3,"href":"https:\/\/www.fronteira.eu\/fronteira2020\/wp-json\/wp\/v2\/pages\/660\/revisions"}],"predecessor-version":[{"id":664,"href":"https:\/\/www.fronteira.eu\/fronteira2020\/wp-json\/wp\/v2\/pages\/660\/revisions\/664"}],"up":[{"embeddable":true,"href":"https:\/\/www.fronteira.eu\/fronteira2020\/wp-json\/wp\/v2\/pages\/656"}],"wp:attachment":[{"href":"https:\/\/www.fronteira.eu\/fronteira2020\/wp-json\/wp\/v2\/media?parent=660"}],"curies":[{"name":"wp","href":"https:\/\/api.w.org\/{rel}","templated":true}]}}

<p>Com o emprego verde, encontramos oportunidades que respondem às necessidades ambientais que estão em pleno vigor. Por exemplo, a economia de baixo carbono, a conservação do patrimônio natural e cultural ou a gestão eficiente dos recursos naturais.</p>



<p>Nesse novo local de trabalho, são criadas até 25 atividades em potencial para criação de empregos, agrupadas em diferentes blocos, como restauração da paisagem de áreas degradadas, conservação da biodiversidade, custódia do território, produção inovadora em viveiros. , educação ambiental, manejo florestal ou reciclagem.</p>



<p>O projeto On Inclusive Entrepreneur trabalhou nessas novas fontes de emprego, fornecendo informações, certificados de profissionalismo, materiais de treinamento, informações sobre fundos europeus relacionados e referindo-se aos modelos de intervenção de Novas Fontes de Emprego.</p>



<p></p>



<p class="enlace-oninclusive"><strong><a href="https://oninclusiventrepreneur.com/novas-oportunidades-de-emprego/emprego-verde-servicos-ambientais/" target="_blank" rel="noreferrer noopener">Consulte os recursos sobre Novos Depósitos Verdes de Emprego no site do projeto On Inclusive Entrepreneur</a></strong>.</p>

<p>Com o emprego verde, encontramos oportunidades que respondem às necessidades ambientais que estão em pleno vigor. Por exemplo, a economia de baixo carbono, a conservação do patrimônio natural e cultural ou a gestão eficiente dos recursos naturais. Nesse novo local</p>
