{"id":26,"date":"2020-04-03T06:48:53","date_gmt":"2020-04-03T06:48:53","guid":{"rendered":"http:\/\/desarrollo.fronteira.eu\/fronteira2020\/?page_id=26"},"modified":"2020-06-20T23:02:22","modified_gmt":"2020-06-20T23:02:22","slug":"socios","status":"publish","type":"page","link":"https:\/\/www.fronteira.eu\/fronteira2020\/socios\/","title":{"rendered":"Socios"},"content":{"rendered":"\n<aside id=\"spacious_service_widget-2\" class=\"widget widget_service_block amr_widget\">\t\t\t\t\t<div class=\"tg-one-third\">\r\n\t\t\t\t<div class=\"service-image\"><img width=\"500\" height=\"200\" src=\"https:\/\/www.fronteira.eu\/fronteira2020\/wp-content\/uploads\/2020\/04\/socio_asprodes.png\" class=\"attachment-featured size-featured wp-post-image\" alt=\"ASPRODES Plena Inclusi\u00f3n CyL\" loading=\"lazy\" title=\"Asociaci\u00f3n Asprodes Plena Inclusi\u00f3n Castilla y Le\u00f3n\" srcset=\"https:\/\/www.fronteira.eu\/fronteira2020\/wp-content\/uploads\/2020\/04\/socio_asprodes.png 500w, https:\/\/www.fronteira.eu\/fronteira2020\/wp-content\/uploads\/2020\/04\/socio_asprodes-300x120.png 300w, https:\/\/www.fronteira.eu\/fronteira2020\/wp-content\/uploads\/2020\/04\/socio_asprodes-200x80.png 200w\" sizes=\"(max-width: 500px) 100vw, 500px\" \/><\/div>\t\t\t\t<h3 class=\"widget-title\"><span>\t\t\t\t<a title=\"Asociaci\u00f3n Asprodes Plena Inclusi\u00f3n Castilla y Le\u00f3n\" href=\"https:\/\/www.fronteira.eu\/fronteira2020\/socios\/asociacion-asprodes\/\">Asociaci\u00f3n Asprodes Plena Inclusi\u00f3n Castilla y Le\u00f3n<\/a><\/span><\/h3>\t\t\t\t<p>(Socio Coordinador)<br \/>\nEs una asociaci\u00f3n creada, hace m\u00e1s de 50 a\u00f1os, por un grupo de familias que decidieron emprender un trabajo colectivo de reivindicaci\u00f3n y, posteriormente, de gesti\u00f3n de centros y servicios.<\/p>\n\t\t\t\t<div class=\"more-link-wrap\">\r\n\t\t\t\t\t<a class=\"more-link\" title=\"Asociaci\u00f3n Asprodes Plena Inclusi\u00f3n Castilla y Le\u00f3n\" href=\"https:\/\/www.fronteira.eu\/fronteira2020\/socios\/asociacion-asprodes\/\">Leer m\u00e1s<\/a>\r\n\t\t\t\t<\/div>\r\n\t\t\t<\/div>\r\n\t\t\t\t\t\t\t\t<div class=\"tg-one-third\">\r\n\t\t\t\t<div class=\"service-image\"><img width=\"500\" height=\"200\" src=\"https:\/\/www.fronteira.eu\/fronteira2020\/wp-content\/uploads\/2020\/04\/socio_guarda.png\" class=\"attachment-featured size-featured wp-post-image\" alt=\"GUARDA a guarda por si\" loading=\"lazy\" title=\"C\u00e1mara Municipal Da Guarda\" srcset=\"https:\/\/www.fronteira.eu\/fronteira2020\/wp-content\/uploads\/2020\/04\/socio_guarda.png 500w, https:\/\/www.fronteira.eu\/fronteira2020\/wp-content\/uploads\/2020\/04\/socio_guarda-300x120.png 300w, https:\/\/www.fronteira.eu\/fronteira2020\/wp-content\/uploads\/2020\/04\/socio_guarda-200x80.png 200w\" sizes=\"(max-width: 500px) 100vw, 500px\" \/><\/div>\t\t\t\t<h3 class=\"widget-title\"><span>\t\t\t\t<a title=\"C\u00e1mara Municipal Da Guarda\" href=\"https:\/\/www.fronteira.eu\/fronteira2020\/socios\/camara-municipal-da-guarda\/\">C\u00e1mara Municipal Da Guarda<\/a><\/span><\/h3>\t\t\t\t<p>La C\u00e1mara Municipal de Guarda viene desempe\u00f1ando, a lo largo de los \u00faltimos a\u00f1os, un papel fundamental en el desarrollo local y regional\u2026<\/p>\n\t\t\t\t<div class=\"more-link-wrap\">\r\n\t\t\t\t\t<a class=\"more-link\" title=\"C\u00e1mara Municipal Da Guarda\" href=\"https:\/\/www.fronteira.eu\/fronteira2020\/socios\/camara-municipal-da-guarda\/\">Leer m\u00e1s<\/a>\r\n\t\t\t\t<\/div>\r\n\t\t\t<\/div>\r\n\t\t\t\t\t\t\t\t<div class=\"tg-one-third\">\r\n\t\t\t\t<div class=\"service-image\"><img width=\"500\" height=\"200\" src=\"https:\/\/www.fronteira.eu\/fronteira2020\/wp-content\/uploads\/2020\/04\/socio_ipg.jpg\" class=\"attachment-featured size-featured wp-post-image\" alt=\"Polytechnic of Guarda\" loading=\"lazy\" title=\"Instituto Polit\u00e9cnico Da Guarda\" srcset=\"https:\/\/www.fronteira.eu\/fronteira2020\/wp-content\/uploads\/2020\/04\/socio_ipg.jpg 500w, https:\/\/www.fronteira.eu\/fronteira2020\/wp-content\/uploads\/2020\/04\/socio_ipg-300x120.jpg 300w, https:\/\/www.fronteira.eu\/fronteira2020\/wp-content\/uploads\/2020\/04\/socio_ipg-200x80.jpg 200w\" sizes=\"(max-width: 500px) 100vw, 500px\" \/><\/div>\t\t\t\t<h3 class=\"widget-title\"><span>\t\t\t\t<a title=\"Instituto Polit\u00e9cnico Da Guarda\" href=\"https:\/\/www.fronteira.eu\/fronteira2020\/socios\/instituto-politecnico-da-guarda\/\">Instituto Polit\u00e9cnico Da Guarda<\/a><\/span><\/h3>\t\t\t\t<p>Es una instituci\u00f3n de ense\u00f1anza superior en Portugal y es constituido por cuatro escuelas&#8230;<\/p>\n\t\t\t\t<div class=\"more-link-wrap\">\r\n\t\t\t\t\t<a class=\"more-link\" title=\"Instituto Polit\u00e9cnico Da Guarda\" href=\"https:\/\/www.fronteira.eu\/fronteira2020\/socios\/instituto-politecnico-da-guarda\/\">Leer m\u00e1s<\/a>\r\n\t\t\t\t<\/div>\r\n\t\t\t<\/div>\r\n\t\t\t\t\t\t\t\t<div class=\"tg-one-third tg-after-three-blocks-clearfix\">\r\n\t\t\t\t<div class=\"service-image\"><img width=\"500\" height=\"200\" src=\"https:\/\/www.fronteira.eu\/fronteira2020\/wp-content\/uploads\/2020\/04\/socio_intras.jpg\" class=\"attachment-featured size-featured wp-post-image\" alt=\"Fundaci\u00f3n INTRAS\" loading=\"lazy\" title=\"Fundaci\u00f3n INTRAS\" srcset=\"https:\/\/www.fronteira.eu\/fronteira2020\/wp-content\/uploads\/2020\/04\/socio_intras.jpg 500w, https:\/\/www.fronteira.eu\/fronteira2020\/wp-content\/uploads\/2020\/04\/socio_intras-300x120.jpg 300w, https:\/\/www.fronteira.eu\/fronteira2020\/wp-content\/uploads\/2020\/04\/socio_intras-200x80.jpg 200w\" sizes=\"(max-width: 500px) 100vw, 500px\" \/><\/div>\t\t\t\t<h3 class=\"widget-title\"><span>\t\t\t\t<a title=\"Fundaci\u00f3n INTRAS\" href=\"https:\/\/www.fronteira.eu\/fronteira2020\/socios\/fundacion-intras\/\">Fundaci\u00f3n INTRAS<\/a><\/span><\/h3>\t\t\t\t<p>Es una organizaci\u00f3n sin \u00e1nimo de lucro con 25 a\u00f1os de experiencia en la coordinaci\u00f3n y prestaci\u00f3n de servicios de atenci\u00f3n socio-sanitaria&#8230;<\/p>\n\t\t\t\t<div class=\"more-link-wrap\">\r\n\t\t\t\t\t<a class=\"more-link\" title=\"Fundaci\u00f3n INTRAS\" href=\"https:\/\/www.fronteira.eu\/fronteira2020\/socios\/fundacion-intras\/\">Leer m\u00e1s<\/a>\r\n\t\t\t\t<\/div>\r\n\t\t\t<\/div>\r\n\t\t\t\t\t\t\t\t<div class=\"tg-one-third\">\r\n\t\t\t\t<div class=\"service-image\"><img width=\"500\" height=\"200\" src=\"https:\/\/www.fronteira.eu\/fronteira2020\/wp-content\/uploads\/2020\/04\/socio_aspaym_cyl.jpg\" class=\"attachment-featured size-featured wp-post-image\" alt=\"fundaci\u00f3n ASPAYM CYL\" loading=\"lazy\" title=\"Fundaci\u00f3n ASPAYM Castilla Y Le\u00f3n\" srcset=\"https:\/\/www.fronteira.eu\/fronteira2020\/wp-content\/uploads\/2020\/04\/socio_aspaym_cyl.jpg 500w, https:\/\/www.fronteira.eu\/fronteira2020\/wp-content\/uploads\/2020\/04\/socio_aspaym_cyl-300x120.jpg 300w, https:\/\/www.fronteira.eu\/fronteira2020\/wp-content\/uploads\/2020\/04\/socio_aspaym_cyl-200x80.jpg 200w\" sizes=\"(max-width: 500px) 100vw, 500px\" \/><\/div>\t\t\t\t<h3 class=\"widget-title\"><span>\t\t\t\t<a title=\"Fundaci\u00f3n ASPAYM Castilla Y Le\u00f3n\" href=\"https:\/\/www.fronteira.eu\/fronteira2020\/socios\/fundacion-aspaym-castilla-y-leon\/\">Fundaci\u00f3n ASPAYM Castilla Y Le\u00f3n<\/a><\/span><\/h3>\t\t\t\t<p>Nace hace m\u00e1s de 25 a\u00f1os con el \u00fanico objetivo de mejorar la calidad de vida de las personas con discapacidad\u2026<\/p>\n\t\t\t\t<div class=\"more-link-wrap\">\r\n\t\t\t\t\t<a class=\"more-link\" title=\"Fundaci\u00f3n ASPAYM Castilla Y Le\u00f3n\" href=\"https:\/\/www.fronteira.eu\/fronteira2020\/socios\/fundacion-aspaym-castilla-y-leon\/\">Leer m\u00e1s<\/a>\r\n\t\t\t\t<\/div>\r\n\t\t\t<\/div>\r\n\t\t\t\t\t\t\t\t<div class=\"tg-one-third\">\r\n\t\t\t\t<div class=\"service-image\"><img width=\"500\" height=\"200\" src=\"https:\/\/www.fronteira.eu\/fronteira2020\/wp-content\/uploads\/2020\/04\/socio_cercig.jpg\" class=\"attachment-featured size-featured wp-post-image\" alt=\"CERCIG\" loading=\"lazy\" title=\"CERCIG \u2013 Cooperativa para Educaci\u00f3n y Rehabilitaci\u00f3n de Ciudadanos Inadaptados de la Guarda\" srcset=\"https:\/\/www.fronteira.eu\/fronteira2020\/wp-content\/uploads\/2020\/04\/socio_cercig.jpg 500w, https:\/\/www.fronteira.eu\/fronteira2020\/wp-content\/uploads\/2020\/04\/socio_cercig-300x120.jpg 300w, https:\/\/www.fronteira.eu\/fronteira2020\/wp-content\/uploads\/2020\/04\/socio_cercig-200x80.jpg 200w\" sizes=\"(max-width: 500px) 100vw, 500px\" \/><\/div>\t\t\t\t<h3 class=\"widget-title\"><span>\t\t\t\t<a title=\"CERCIG \u2013 Cooperativa para Educaci\u00f3n y Rehabilitaci\u00f3n de Ciudadanos Inadaptados de la Guarda\" href=\"https:\/\/www.fronteira.eu\/fronteira2020\/socios\/cercig\/\">CERCIG \u2013 Cooperativa para Educaci\u00f3n y Rehabilitaci\u00f3n de Ciudadanos Inadaptados de la Guarda<\/a><\/span><\/h3>\t\t\t\t<p>Es una instituci\u00f3n sin fines de lucro y de reconocida utilidad p\u00fablica que preconiza su intervenci\u00f3n ante los grupos socialmente m\u00e1s vulnerables&#8230;<\/p>\n\t\t\t\t<div class=\"more-link-wrap\">\r\n\t\t\t\t\t<a class=\"more-link\" title=\"CERCIG \u2013 Cooperativa para Educaci\u00f3n y Rehabilitaci\u00f3n de Ciudadanos Inadaptados de la Guarda\" href=\"https:\/\/www.fronteira.eu\/fronteira2020\/socios\/cercig\/\">Leer m\u00e1s<\/a>\r\n\t\t\t\t<\/div>\r\n\t\t\t<\/div>\r\n\t\t\t\t\t\t\t<\/aside>\n\n\n\n<div class=\"clearfix\" style=\"clear:both;\">\n<aside id=\"spacious_service_widget-3\" class=\"widget widget_service_block amr_widget\">\t\t\t\t\t<div class=\"tg-one-third\">\r\n\t\t\t\t<div class=\"service-image\"><img width=\"500\" height=\"200\" src=\"https:\/\/www.fronteira.eu\/fronteira2020\/wp-content\/uploads\/2020\/04\/socio_estrela.jpg\" class=\"attachment-featured size-featured wp-post-image\" alt=\"ADM ESTRELA\" loading=\"lazy\" title=\"ADM Estrela \u2013 Asociaci\u00f3n Social y Desarrollo\" srcset=\"https:\/\/www.fronteira.eu\/fronteira2020\/wp-content\/uploads\/2020\/04\/socio_estrela.jpg 500w, https:\/\/www.fronteira.eu\/fronteira2020\/wp-content\/uploads\/2020\/04\/socio_estrela-300x120.jpg 300w, https:\/\/www.fronteira.eu\/fronteira2020\/wp-content\/uploads\/2020\/04\/socio_estrela-200x80.jpg 200w\" sizes=\"(max-width: 500px) 100vw, 500px\" \/><\/div>\t\t\t\t<h3 class=\"widget-title\"><span>\t\t\t\t<a title=\"ADM Estrela \u2013 Asociaci\u00f3n Social y Desarrollo\" href=\"https:\/\/www.fronteira.eu\/fronteira2020\/socios\/adm-estrela\/\">ADM Estrela \u2013 Asociaci\u00f3n Social y Desarrollo<\/a><\/span><\/h3>\t\t\t\t<p>Es una instituci\u00f3n que desarrolla desde 1989 trabajo en el \u00e1rea social con diversos proyectos en el \u00e1rea de ni\u00f1ez y juventud, discapacidad&#8230;<\/p>\n\t\t\t\t<div class=\"more-link-wrap\">\r\n\t\t\t\t\t<a class=\"more-link\" title=\"ADM Estrela \u2013 Asociaci\u00f3n Social y Desarrollo\" href=\"https:\/\/www.fronteira.eu\/fronteira2020\/socios\/adm-estrela\/\">Leer m\u00e1s<\/a>\r\n\t\t\t\t<\/div>\r\n\t\t\t<\/div>\r\n\t\t\t\t\t\t\t\t<div class=\"tg-one-third\">\r\n\t\t\t\t<div class=\"service-image\"><img width=\"500\" height=\"200\" src=\"https:\/\/www.fronteira.eu\/fronteira2020\/wp-content\/uploads\/2020\/06\/socio_jcyl_ssocialescyl.jpg\" class=\"attachment-featured size-featured wp-post-image\" alt=\"Servicios Sociales de Castilla y Le\u00f3n. Junta de Castilla y Le\u00f3n\" loading=\"lazy\" title=\"Gerencia de Servicios Sociales de Castilla y Le\u00f3n\" srcset=\"https:\/\/www.fronteira.eu\/fronteira2020\/wp-content\/uploads\/2020\/06\/socio_jcyl_ssocialescyl.jpg 500w, https:\/\/www.fronteira.eu\/fronteira2020\/wp-content\/uploads\/2020\/06\/socio_jcyl_ssocialescyl-300x120.jpg 300w\" sizes=\"(max-width: 500px) 100vw, 500px\" \/><\/div>\t\t\t\t<h3 class=\"widget-title\"><span>\t\t\t\t<a title=\"Gerencia de Servicios Sociales de Castilla y Le\u00f3n\" href=\"https:\/\/www.fronteira.eu\/fronteira2020\/socios\/gerencia-de-servicios-sociales-cyl\/\">Gerencia de Servicios Sociales de Castilla y Le\u00f3n<\/a><\/span><\/h3>\t\t\t\t<p>La Gerencia de Servicios Sociales de Castilla y Le\u00f3n (GSS) es el organismo p\u00fablico competente en asistencia social, perteneciente al Ministerio de la familia e igualdad de oportunidades&#8230;<\/p>\n\t\t\t\t<div class=\"more-link-wrap\">\r\n\t\t\t\t\t<a class=\"more-link\" title=\"Gerencia de Servicios Sociales de Castilla y Le\u00f3n\" href=\"https:\/\/www.fronteira.eu\/fronteira2020\/socios\/gerencia-de-servicios-sociales-cyl\/\">Leer m\u00e1s<\/a>\r\n\t\t\t\t<\/div>\r\n\t\t\t<\/div>\r\n\t\t\t\t\t\t\t<\/aside>\n<\/div>\n\n\n\n<p><\/p>\n","protected":false},"excerpt":{"rendered":"","protected":false},"author":1,"featured_media":0,"parent":0,"menu_order":0,"comment_status":"closed","ping_status":"closed","template":"","meta":[],"_links":{"self":[{"href":"https:\/\/www.fronteira.eu\/fronteira2020\/wp-json\/wp\/v2\/pages\/26"}],"collection":[{"href":"https:\/\/www.fronteira.eu\/fronteira2020\/wp-json\/wp\/v2\/pages"}],"about":[{"href":"https:\/\/www.fronteira.eu\/fronteira2020\/wp-json\/wp\/v2\/types\/page"}],"author":[{"embeddable":true,"href":"https:\/\/www.fronteira.eu\/fronteira2020\/wp-json\/wp\/v2\/users\/1"}],"replies":[{"embeddable":true,"href":"https:\/\/www.fronteira.eu\/fronteira2020\/wp-json\/wp\/v2\/comments?post=26"}],"version-history":[{"count":33,"href":"https:\/\/www.fronteira.eu\/fronteira2020\/wp-json\/wp\/v2\/pages\/26\/revisions"}],"predecessor-version":[{"id":757,"href":"https:\/\/www.fronteira.eu\/fronteira2020\/wp-json\/wp\/v2\/pages\/26\/revisions\/757"}],"wp:attachment":[{"href":"https:\/\/www.fronteira.eu\/fronteira2020\/wp-json\/wp\/v2\/media?parent=26"}],"curies":[{"name":"wp","href":"https:\/\/api.w.org\/{rel}","templated":true}]}}