{"id":692,"date":"2020-06-19T08:21:26","date_gmt":"2020-06-19T08:21:26","guid":{"rendered":"http:\/\/desarrollo.fronteira.eu\/RISfronteira\/?page_id=692"},"modified":"2024-11-12T18:29:15","modified_gmt":"2024-11-12T18:29:15","slug":"centro-social","status":"publish","type":"page","link":"https:\/\/www.fronteira.eu\/RISfronteira\/pt\/centros-inovacao\/centro-social\/","title":{"rendered":"Centro social"},"content":{"rendered":"\n<p>O p\u00f3lo social centra-se na melhoria do bem-estar e da autonomia das pessoas em situa\u00e7\u00e3o de depend\u00eancia, com especial enfoque na acessibilidade e na utiliza\u00e7\u00e3o das novas tecnologias aplicadas aos cuidados. Este centro procura conceber solu\u00e7\u00f5es inovadoras que facilitem o acesso aos servi\u00e7os de sa\u00fade e de assist\u00eancia nas zonas rurais, onde os recursos s\u00e3o normalmente limitados. A implementa\u00e7\u00e3o de tecnologias de teleassist\u00eancia e monitoriza\u00e7\u00e3o remota, por exemplo, permite que as pessoas dependentes vivam com mais seguran\u00e7a e conectadas, mesmo em zonas distantes dos centros urbanos.<\/p>\n\n\n\n<p>Al\u00e9m disso, o p\u00f3lo social promove a forma\u00e7\u00e3o e capacita\u00e7\u00e3o de profissionais de sa\u00fade e volunt\u00e1rios, dotando-os de ferramentas para oferecer cuidados inclusivos e adaptados \u00e0s necessidades individuais. Esta iniciativa promove ainda programas de sensibiliza\u00e7\u00e3o e educa\u00e7\u00e3o, que fomentam uma cultura de apoio comunit\u00e1rio a pessoas em situa\u00e7\u00e3o de depend\u00eancia e pessoas com defici\u00eancia. Em conjunto, o centro social n\u00e3o s\u00f3 proporciona solu\u00e7\u00f5es pr\u00e1ticas, como tamb\u00e9m constr\u00f3i uma rede de apoio que contribui para o desenvolvimento de comunidades mais inclusivas e solid\u00e1rias.<\/p>\n","protected":false},"excerpt":{"rendered":"<p>O p\u00f3lo social centra-se na melhoria do bem-estar e da autonomia das pessoas em situa\u00e7\u00e3o de depend\u00eancia, com especial enfoque na acessibilidade e na utiliza\u00e7\u00e3o das novas tecnologias aplicadas aos cuidados. Este centro procura conceber solu\u00e7\u00f5es inovadoras que facilitem o<\/p>\n","protected":false},"author":1,"featured_media":0,"parent":656,"menu_order":0,"comment_status":"closed","ping_status":"closed","template":"","meta":[],"_links":{"self":[{"href":"https:\/\/www.fronteira.eu\/RISfronteira\/wp-json\/wp\/v2\/pages\/692"}],"collection":[{"href":"https:\/\/www.fronteira.eu\/RISfronteira\/wp-json\/wp\/v2\/pages"}],"about":[{"href":"https:\/\/www.fronteira.eu\/RISfronteira\/wp-json\/wp\/v2\/types\/page"}],"author":[{"embeddable":true,"href":"https:\/\/www.fronteira.eu\/RISfronteira\/wp-json\/wp\/v2\/users\/1"}],"replies":[{"embeddable":true,"href":"https:\/\/www.fronteira.eu\/RISfronteira\/wp-json\/wp\/v2\/comments?post=692"}],"version-history":[{"count":7,"href":"https:\/\/www.fronteira.eu\/RISfronteira\/wp-json\/wp\/v2\/pages\/692\/revisions"}],"predecessor-version":[{"id":1622,"href":"https:\/\/www.fronteira.eu\/RISfronteira\/wp-json\/wp\/v2\/pages\/692\/revisions\/1622"}],"up":[{"embeddable":true,"href":"https:\/\/www.fronteira.eu\/RISfronteira\/wp-json\/wp\/v2\/pages\/656"}],"wp:attachment":[{"href":"https:\/\/www.fronteira.eu\/RISfronteira\/wp-json\/wp\/v2\/media?parent=692"}],"curies":[{"name":"wp","href":"https:\/\/api.w.org\/{rel}","templated":true}]}}

<p>O pólo social centra-se na melhoria do bem-estar e da autonomia das pessoas em situação de dependência, com especial enfoque na acessibilidade e na utilização das novas tecnologias aplicadas aos cuidados. Este centro procura conceber soluções inovadoras que facilitem o acesso aos serviços de saúde e de assistência nas zonas rurais, onde os recursos são normalmente limitados. A implementação de tecnologias de teleassistência e monitorização remota, por exemplo, permite que as pessoas dependentes vivam com mais segurança e conectadas, mesmo em zonas distantes dos centros urbanos.</p>



<p>Além disso, o pólo social promove a formação e capacitação de profissionais de saúde e voluntários, dotando-os de ferramentas para oferecer cuidados inclusivos e adaptados às necessidades individuais. Esta iniciativa promove ainda programas de sensibilização e educação, que fomentam uma cultura de apoio comunitário a pessoas em situação de dependência e pessoas com deficiência. Em conjunto, o centro social não só proporciona soluções práticas, como também constrói uma rede de apoio que contribui para o desenvolvimento de comunidades mais inclusivas e solidárias.</p>

<p>O pólo social centra-se na melhoria do bem-estar e da autonomia das pessoas em situação de dependência, com especial enfoque na acessibilidade e na utilização das novas tecnologias aplicadas aos cuidados. Este centro procura conceber soluções inovadoras que facilitem o</p>
