{"id":407,"date":"2020-04-27T15:36:15","date_gmt":"2020-04-27T15:36:15","guid":{"rendered":"http:\/\/desarrollo.fronteira.eu\/RISfronteira\/?page_id=407"},"modified":"2024-11-19T11:09:32","modified_gmt":"2024-11-19T11:09:32","slug":"fundacao-aspaym-castilla-y-leon","status":"publish","type":"page","link":"https:\/\/www.fronteira.eu\/RISfronteira\/pt\/parceiros\/fundacao-aspaym-castilla-y-leon\/","title":{"rendered":"Funda\u00e7\u00e3o ASPAYM Castilla y Le\u00f3n"},"content":{"rendered":"\n<figure class=\"wp-block-image size-full img-logo_socio\"><img loading=\"lazy\" width=\"500\" height=\"200\" src=\"https:\/\/www.fronteira.eu\/RISfronteira\/wp-content\/uploads\/2024\/11\/socio27-aspaym.png\" alt=\"ASPAYM Castilla y Le\u00f3n\" class=\"wp-image-1647\" srcset=\"https:\/\/www.fronteira.eu\/RISfronteira\/wp-content\/uploads\/2024\/11\/socio27-aspaym.png 500w, https:\/\/www.fronteira.eu\/RISfronteira\/wp-content\/uploads\/2024\/11\/socio27-aspaym-300x120.png 300w, https:\/\/www.fronteira.eu\/RISfronteira\/wp-content\/uploads\/2024\/11\/socio27-aspaym-200x80.png 200w\" sizes=\"(max-width: 500px) 100vw, 500px\" \/><\/figure>\n\n\n\n<h3><strong>Territ\u00f3rio<\/strong>:<\/h3>\n\n\n\n<p>Calle de Trevi\u00f1o, 74, 47008 Valladolid (Espa\u00f1a)&nbsp;<\/p>\n\n\n\n<h3><strong>Compet\u00eancias e experi\u00eancias relevantes<\/strong>:<\/h3>\n\n\n\n<p>A ASPAYM Castilla y Le\u00f3n foi fundada em 1992 com o objetivo de melhorar a qualidade de vida das pessoas com defici\u00eancia. Nos seus prim\u00f3rdios, a entidade centrou-se no atendimento de pessoas com les\u00f5es medulares na comunidade, no entanto, durante os seus anos de actividade, ASPAYM Castilla y Le\u00f3n evoluiu de acordo com a sociedade, prestando cuidados a todos os tipos de defici\u00eancias f\u00edsicas ( les\u00e3o medular medula, acidente vascular cerebral, ataxia, etc.). Depois de se posicionar na comunidade como uma entidade de refer\u00eancia na \u00e1rea da defici\u00eancia, abre todos os seus servi\u00e7os \u00e0 sociedade em geral, gerando uma metodologia de trabalho inclusiva, onde todas as pessoas t\u00eam lugar.<\/p>\n\n\n\n<p>A ASPAYM Castilla y Le\u00f3n trabalha com novos projetos para permitir a inclus\u00e3o social e laboral das pessoas com defici\u00eancia e garantir que realizam qualquer tipo de atividade sem quaisquer limita\u00e7\u00f5es. A entidade pretende ser uma associa\u00e7\u00e3o l\u00edder que, atrav\u00e9s da qualidade dos seus programas e atividades, da investiga\u00e7\u00e3o e da utiliza\u00e7\u00e3o de novas tecnologias, proporciona \u00e0s pessoas com defici\u00eancia, e \u00e0 sociedade em geral, as ferramentas necess\u00e1rias para cumprir a sua miss\u00e3o.<\/p>\n\n\n\n<p>ASPAYM Castilla y Le\u00f3n partilha o esp\u00edrito e os compromissos da Agenda 2030 e dos Objectivos de Desenvolvimento Sustent\u00e1vel (ODS) para alcan\u00e7ar a igualdade entre as pessoas, proteger o planeta e garantir a prosperidade. A atividade da entidade centra-se na promo\u00e7\u00e3o da igualdade das pessoas com defici\u00eancia, contribuindo assim para uma sociedade mais inclusiva.<\/p>\n\n\n\n<h3>Site, redes sociais e e-mail de contato:<\/h3>\n\n\n\n<div class=\"redes-socios\">\n\n<p><span class=\"fa fa-globe\"><\/span>    <a href=\"https:\/\/www.aspaymcyl.org\/\" target=\"_blank\" rel=\"noopener noreferrer\">www.aspaymcyl.org\/<\/a><\/p>\n\n<p><span class=\"fa fa-facebook-f\"><\/span>    <a href=\"https:\/\/www.facebook.com\/aspaym.castillayleon\/\" target=\"_blank\" rel=\"noopener noreferrer\">www.facebook.com\/aspaym.castillayleon\/ <\/a><\/p>\n\n<p><span class=\"fa fa-twitter\"><\/span>    <a href=\"https:\/\/twitter.com\/Aspaym_CyL\" target=\"_blank\" rel=\"noopener noreferrer\">twitter.com\/Aspaym_CyL<\/a><\/p>\n\n<p><span class=\"fa fa-instagram\"><\/span>    <a href=\"https:\/\/www.instagram.com\/aspaym_cyl\/\" target=\"_blank\" rel=\"noopener noreferrer\">www.instagram.com\/aspaym_cyl\/<\/a><\/p>\n\n<p><span class=\"fa fa-youtube\"><\/span>    <a href=\"https:\/\/www.youtube.com\/user\/aspaymcyl\" target=\"_blank\" rel=\"noopener noreferrer\">www.youtube.com\/user\/aspaymcyl<\/a><\/p>\n\n<p><span class=\"fa fa-flickr\"><\/span>    <a href=\"https:\/\/www.flickr.com\/photos\/aspaymcyl\/\" target=\"_blank\" rel=\"noopener noreferrer\">www.flickr.com\/photos\/aspaymcyl\/<\/a><\/p>\n\n<p><span class=\"fa fa-envelope\"><\/span>  <a href=\"mailto:aspaymcyl@aspaymcyl.org\" target=\"_blank\" rel=\"noopener noreferrer\">aspaymcyl@aspaymcyl.org<\/a><\/p> \n<\/div>\n","protected":false},"excerpt":{"rendered":"<p>A ASPAYM Castilla y Le\u00f3n foi fundada em 1992 com o objetivo de melhorar a qualidade de vida das pessoas com defici\u00eancia. Nos seus prim\u00f3rdios, a entidade centrou-se no atendimento de pessoas com les\u00f5es medulares na comunidade, no entanto, durante os seus anos de actividade, ASPAYM Castilla y Le\u00f3n evoluiu de acordo com a sociedade, prestando cuidados a todos os tipos de defici\u00eancias f\u00edsicas ( les\u00e3o medular medula, acidente vascular cerebral, ataxia, etc.).<\/p>\n","protected":false},"author":1,"featured_media":1647,"parent":417,"menu_order":0,"comment_status":"closed","ping_status":"closed","template":"","meta":[],"_links":{"self":[{"href":"https:\/\/www.fronteira.eu\/RISfronteira\/wp-json\/wp\/v2\/pages\/407"}],"collection":[{"href":"https:\/\/www.fronteira.eu\/RISfronteira\/wp-json\/wp\/v2\/pages"}],"about":[{"href":"https:\/\/www.fronteira.eu\/RISfronteira\/wp-json\/wp\/v2\/types\/page"}],"author":[{"embeddable":true,"href":"https:\/\/www.fronteira.eu\/RISfronteira\/wp-json\/wp\/v2\/users\/1"}],"replies":[{"embeddable":true,"href":"https:\/\/www.fronteira.eu\/RISfronteira\/wp-json\/wp\/v2\/comments?post=407"}],"version-history":[{"count":10,"href":"https:\/\/www.fronteira.eu\/RISfronteira\/wp-json\/wp\/v2\/pages\/407\/revisions"}],"predecessor-version":[{"id":1733,"href":"https:\/\/www.fronteira.eu\/RISfronteira\/wp-json\/wp\/v2\/pages\/407\/revisions\/1733"}],"up":[{"embeddable":true,"href":"https:\/\/www.fronteira.eu\/RISfronteira\/wp-json\/wp\/v2\/pages\/417"}],"wp:featuredmedia":[{"embeddable":true,"href":"https:\/\/www.fronteira.eu\/RISfronteira\/wp-json\/wp\/v2\/media\/1647"}],"wp:attachment":[{"href":"https:\/\/www.fronteira.eu\/RISfronteira\/wp-json\/wp\/v2\/media?parent=407"}],"curies":[{"name":"wp","href":"https:\/\/api.w.org\/{rel}","templated":true}]}}