{"id":400,"date":"2020-04-27T15:06:04","date_gmt":"2020-04-27T15:06:04","guid":{"rendered":"http:\/\/desarrollo.fronteira.eu\/RISfronteira\/?page_id=400"},"modified":"2024-11-19T10:55:31","modified_gmt":"2024-11-19T10:55:31","slug":"instituto-politecnico-da-guarda-2","status":"publish","type":"page","link":"https:\/\/www.fronteira.eu\/RISfronteira\/pt\/parceiros\/instituto-politecnico-da-guarda-2\/","title":{"rendered":"Instituto Polit\u00e9cnico Da Guarda"},"content":{"rendered":"\n<figure class=\"wp-block-image size-full img-logo_socio\"><img loading=\"lazy\" width=\"500\" height=\"200\" src=\"https:\/\/www.fronteira.eu\/RISfronteira\/wp-content\/uploads\/2024\/11\/socio22-instituto_poli_guarda.png\" alt=\"Polit\u00e9cnico Guarda\" class=\"wp-image-1642\" srcset=\"https:\/\/www.fronteira.eu\/RISfronteira\/wp-content\/uploads\/2024\/11\/socio22-instituto_poli_guarda.png 500w, https:\/\/www.fronteira.eu\/RISfronteira\/wp-content\/uploads\/2024\/11\/socio22-instituto_poli_guarda-300x120.png 300w, https:\/\/www.fronteira.eu\/RISfronteira\/wp-content\/uploads\/2024\/11\/socio22-instituto_poli_guarda-200x80.png 200w\" sizes=\"(max-width: 500px) 100vw, 500px\" \/><\/figure>\n\n\n\n<h3><strong>Territ\u00f3rio<\/strong>:<\/h3>\n\n\n\n<p>Av. Dr. Francisco S\u00e1 Carneiro, 50<br>6300-559 Guarda<br>Portugal<\/p>\n\n\n\n<p><\/p>\n\n\n\n<h3>Descri\u00e7\u00e3o, compet\u00eancias e experi\u00eancias relevantes:<\/h3>\n\n\n\n<p>O IPG \u00e9 uma institui\u00e7\u00e3o p\u00fablica de ensino superior, ao servi\u00e7o da sociedade, orientada para a produ\u00e7\u00e3o e difus\u00e3o de conhecimento, a cria\u00e7\u00e3o e transmiss\u00e3o de cultura e conhecimento de natureza profissional, cient\u00edfica, tecnol\u00f3gica e art\u00edstica, atrav\u00e9s da articula\u00e7\u00e3o do estudo, ensino, investiga\u00e7\u00e3o orientada e desenvolvimento experimental.<\/p>\n\n\n\n<p>Esta \u00e9 uma descri\u00e7\u00e3o que se aplicaria a qualquer Polit\u00e9cnico, mas n\u00e3o se trata de um Polit\u00e9cnico qualquer. O Polit\u00e9cnico da Guarda tem uma rela\u00e7\u00e3o especial e particularmente relevante com a regi\u00e3o onde opera. Torna-se cada vez mais um centro de desenvolvimento regional, reunindo a inova\u00e7\u00e3o e as descobertas de um futuro que por vezes s\u00f3 se adivinha, com a cultura, a experi\u00eancia e os recursos de uma regi\u00e3o com que muitos nem sequer sonham<\/p>\n\n\n\n<p>\u00c9 para este encontro de passado e futuro, de experi\u00eancia e oportunidade, para o qual convidam todos aqueles que decidem estudar, ensinar, investigar, trabalhar, investir e colaborar, num lugar que convida \u00e0 reflex\u00e3o e motiva a a\u00e7\u00e3o.<\/p>\n\n\n\n<h3>Site, redes sociais e e-mail de contato:<\/h3>\n\n\n\n<div class=\"redes-socios\">\n\n<p><span class=\"fa fa-globe\"><\/span>    <a href=\"https:\/\/politecnicoguarda.pt\/\" target=\"_blank\" rel=\"noopener noreferrer\">https:\/\/politecnicoguarda.pt\/  <\/a><\/p>\n\n<p><span class=\"fa fa-facebook-f\"><\/span>    <a href=\"https:\/\/www.facebook.com\/politecnicodaguarda\" target=\"_blank\" rel=\"noopener noreferrer\">https:\/\/www.facebook.com\/politecnicodaguarda <\/a><\/p>\n\n<p><span class=\"fa fa-instagram\"><\/span>    <a href=\"https:\/\/www.instagram.com\/politecnicodaguarda\/\" target=\"_blank\" rel=\"noopener noreferrer\">https:\/\/www.instagram.com\/politecnicodaguarda\/ <\/a><\/p>\n\n<p><span class=\"fa fa-youtube\"><\/span>    <a href=\"https:\/\/www.youtube.com\/c\/PolitecnicodaGuarda\" target=\"_blank\" rel=\"noopener noreferrer\">https:\/\/www.youtube.com\/c\/PolitecnicodaGuarda<\/a><\/p>\n\n<p><span class=\"fa fa-envelope\"><\/span>  <a href=\"mailto:ipg@ipg.pt\" target=\"_blank\" rel=\"noopener noreferrer\">ipg@ipg.pt<\/a><\/p> \n<\/div>\n\n\n\n<p><\/p>\n\n\n\n<p><\/p>\n","protected":false},"excerpt":{"rendered":"<p>O IPG \u00e9 uma institui\u00e7\u00e3o p\u00fablica de ensino superior, ao servi\u00e7o da sociedade, orientada para a produ\u00e7\u00e3o e difus\u00e3o de conhecimento, a cria\u00e7\u00e3o e transmiss\u00e3o de cultura e conhecimento de natureza profissional, cient\u00edfica, tecnol\u00f3gica e art\u00edstica, atrav\u00e9s da articula\u00e7\u00e3o do estudo, ensino, investiga\u00e7\u00e3o orientada e desenvolvimento experimental.<\/p>\n","protected":false},"author":1,"featured_media":1642,"parent":417,"menu_order":0,"comment_status":"closed","ping_status":"closed","template":"","meta":[],"_links":{"self":[{"href":"https:\/\/www.fronteira.eu\/RISfronteira\/wp-json\/wp\/v2\/pages\/400"}],"collection":[{"href":"https:\/\/www.fronteira.eu\/RISfronteira\/wp-json\/wp\/v2\/pages"}],"about":[{"href":"https:\/\/www.fronteira.eu\/RISfronteira\/wp-json\/wp\/v2\/types\/page"}],"author":[{"embeddable":true,"href":"https:\/\/www.fronteira.eu\/RISfronteira\/wp-json\/wp\/v2\/users\/1"}],"replies":[{"embeddable":true,"href":"https:\/\/www.fronteira.eu\/RISfronteira\/wp-json\/wp\/v2\/comments?post=400"}],"version-history":[{"count":10,"href":"https:\/\/www.fronteira.eu\/RISfronteira\/wp-json\/wp\/v2\/pages\/400\/revisions"}],"predecessor-version":[{"id":1718,"href":"https:\/\/www.fronteira.eu\/RISfronteira\/wp-json\/wp\/v2\/pages\/400\/revisions\/1718"}],"up":[{"embeddable":true,"href":"https:\/\/www.fronteira.eu\/RISfronteira\/wp-json\/wp\/v2\/pages\/417"}],"wp:featuredmedia":[{"embeddable":true,"href":"https:\/\/www.fronteira.eu\/RISfronteira\/wp-json\/wp\/v2\/media\/1642"}],"wp:attachment":[{"href":"https:\/\/www.fronteira.eu\/RISfronteira\/wp-json\/wp\/v2\/media?parent=400"}],"curies":[{"name":"wp","href":"https:\/\/api.w.org\/{rel}","templated":true}]}}

Instituto Politécnico Da Guarda

<figure class="wp-block-image size-full img-logo_socio"><img loading="lazy" width="500" height="200" src="https://www.fronteira.eu/RISfronteira/wp-content/uploads/2024/11/socio22-instituto_poli_guarda.png" alt="Politécnico Guarda" class="wp-image-1642" srcset="https://www.fronteira.eu/RISfronteira/wp-content/uploads/2024/11/socio22-instituto_poli_guarda.png 500w, https://www.fronteira.eu/RISfronteira/wp-content/uploads/2024/11/socio22-instituto_poli_guarda-300x120.png 300w, https://www.fronteira.eu/RISfronteira/wp-content/uploads/2024/11/socio22-instituto_poli_guarda-200x80.png 200w" sizes="(max-width: 500px) 100vw, 500px" /></figure>



<h3><strong>Território</strong>:</h3>



<p>Av. Dr. Francisco Sá Carneiro, 50<br>6300-559 Guarda<br>Portugal</p>



<p></p>



<h3>Descrição, competências e experiências relevantes:</h3>



<p>O IPG é uma instituição pública de ensino superior, ao serviço da sociedade, orientada para a produção e difusão de conhecimento, a criação e transmissão de cultura e conhecimento de natureza profissional, científica, tecnológica e artística, através da articulação do estudo, ensino, investigação orientada e desenvolvimento experimental.</p>



<p>Esta é uma descrição que se aplicaria a qualquer Politécnico, mas não se trata de um Politécnico qualquer. O Politécnico da Guarda tem uma relação especial e particularmente relevante com a região onde opera. Torna-se cada vez mais um centro de desenvolvimento regional, reunindo a inovação e as descobertas de um futuro que por vezes só se adivinha, com a cultura, a experiência e os recursos de uma região com que muitos nem sequer sonham</p>



<p>É para este encontro de passado e futuro, de experiência e oportunidade, para o qual convidam todos aqueles que decidem estudar, ensinar, investigar, trabalhar, investir e colaborar, num lugar que convida à reflexão e motiva a ação.</p>



<h3>Site, redes sociais e e-mail de contato:</h3>



<div class="redes-socios">

<p><span class="fa fa-globe"></span>    <a href="https://politecnicoguarda.pt/" target="_blank" rel="noopener noreferrer">https://politecnicoguarda.pt/  </a></p>

<p><span class="fa fa-facebook-f"></span>    <a href="https://www.facebook.com/politecnicodaguarda" target="_blank" rel="noopener noreferrer">https://www.facebook.com/politecnicodaguarda </a></p>

<p><span class="fa fa-instagram"></span>    <a href="https://www.instagram.com/politecnicodaguarda/" target="_blank" rel="noopener noreferrer">https://www.instagram.com/politecnicodaguarda/ </a></p>

<p><span class="fa fa-youtube"></span>    <a href="https://www.youtube.com/c/PolitecnicodaGuarda" target="_blank" rel="noopener noreferrer">https://www.youtube.com/c/PolitecnicodaGuarda</a></p>

<p><span class="fa fa-envelope"></span>  <a href="mailto:ipg@ipg.pt" target="_blank" rel="noopener noreferrer">ipg@ipg.pt</a></p> 
</div>



<p></p>



<p></p>

<p>O IPG é uma instituição pública de ensino superior, ao serviço da sociedade, orientada para a produção e difusão de conhecimento, a criação e transmissão de cultura e conhecimento de natureza profissional, científica, tecnológica e artística, através da articulação do estudo, ensino, investigação orientada e desenvolvimento experimental.</p>
