{"id":397,"date":"2020-04-27T15:02:54","date_gmt":"2020-04-27T15:02:54","guid":{"rendered":"http:\/\/desarrollo.fronteira.eu\/RISfronteira\/?page_id=397"},"modified":"2024-11-13T09:22:33","modified_gmt":"2024-11-13T09:22:33","slug":"camara-municipal-da-guarda-2","status":"publish","type":"page","link":"https:\/\/www.fronteira.eu\/RISfronteira\/pt\/parceiros\/camara-municipal-da-guarda-2\/","title":{"rendered":"C\u00e2mara Municipal Da Guarda"},"content":{"rendered":"\n<figure class=\"wp-block-image size-full img-logo_socio\"><img loading=\"lazy\" width=\"500\" height=\"200\" src=\"https:\/\/www.fronteira.eu\/RISfronteira\/wp-content\/uploads\/2024\/11\/socio28-municipio_guarda.png\" alt=\"Municipio Da Guarda\" class=\"wp-image-1648\" srcset=\"https:\/\/www.fronteira.eu\/RISfronteira\/wp-content\/uploads\/2024\/11\/socio28-municipio_guarda.png 500w, https:\/\/www.fronteira.eu\/RISfronteira\/wp-content\/uploads\/2024\/11\/socio28-municipio_guarda-300x120.png 300w, https:\/\/www.fronteira.eu\/RISfronteira\/wp-content\/uploads\/2024\/11\/socio28-municipio_guarda-200x80.png 200w\" sizes=\"(max-width: 500px) 100vw, 500px\" \/><\/figure>\n\n\n\n<h3><strong>Territ\u00f3rio<\/strong>:<\/h3>\n\n\n\n<p>Pra\u00e7a do Munic\u00edpio, 6301-854 \u2013 Guarda<\/p>\n\n\n\n<h3><strong>Compet\u00eancias e experi\u00eancias relevantes<\/strong>:<\/h3>\n\n\n\n<p>A C\u00e2mara Municipal da Guarda vem desempenhando, ao longo dos anos, um papel fundamental no desenvolvimento local e regional. Para al\u00e9m de se preocupar com a dimens\u00e3o quantitativa do desenvolvimento, atrav\u00e9s da implementa\u00e7\u00e3o de redes de infraestruturas b\u00e1sicas, a C\u00e2mara Municipal da Guarda n\u00e3o se esqueceu das responsabilidades de \u00e2mbito social, educativo e cultural tendo em vista o progresso humano integral, a redu\u00e7\u00e3o da exclus\u00e3o social e o fortalecimento da autoestima das pessoas e comunidades locais. Existe, assim, uma diversidade de atividades que se v\u00eam realizando a n\u00edvel educativo, econ\u00f3mico, social e cultural.<\/p>\n\n\n\n<h3>Site, redes sociais e e-mail de contato:<\/h3>\n\n\n\n<div class=\"redes-socios\">\n<p><span class=\"fa fa-globe\"><\/span>    <a href=\"https:\/\/www.mun-guarda.pt\/Portal\/default.aspx\" target=\"_blank\" rel=\"noopener noreferrer\">https:\/\/www.mun-guarda.pt\/Portal\/default.aspx<\/a><\/p>\n<p><span class=\"fa fa-facebook-f\"><\/span>    <a href=\"https:\/\/www.facebook.com\/MunicipiodaGuarda\" target=\"_blank\" rel=\"noopener noreferrer\">www.facebook.com\/MunicipiodaGuarda<\/a><\/p>\n<p><span class=\"fa fa-envelope\"><\/span>  <a href=\"mailto:gfc@mun-guarda.pt\" target=\"_blank\" rel=\"noopener noreferrer\">gfc@mun-guarda.pt<\/a><\/p> \n<\/div>\n","protected":false},"excerpt":{"rendered":"<p>A C\u00e2mara Municipal de Guarda vem desempenhando, nos \u00faltimos anos, um papel fundamental no desenvolvimento local e regional&#8230;<\/p>\n","protected":false},"author":1,"featured_media":1648,"parent":417,"menu_order":0,"comment_status":"closed","ping_status":"closed","template":"","meta":[],"_links":{"self":[{"href":"https:\/\/www.fronteira.eu\/RISfronteira\/wp-json\/wp\/v2\/pages\/397"}],"collection":[{"href":"https:\/\/www.fronteira.eu\/RISfronteira\/wp-json\/wp\/v2\/pages"}],"about":[{"href":"https:\/\/www.fronteira.eu\/RISfronteira\/wp-json\/wp\/v2\/types\/page"}],"author":[{"embeddable":true,"href":"https:\/\/www.fronteira.eu\/RISfronteira\/wp-json\/wp\/v2\/users\/1"}],"replies":[{"embeddable":true,"href":"https:\/\/www.fronteira.eu\/RISfronteira\/wp-json\/wp\/v2\/comments?post=397"}],"version-history":[{"count":8,"href":"https:\/\/www.fronteira.eu\/RISfronteira\/wp-json\/wp\/v2\/pages\/397\/revisions"}],"predecessor-version":[{"id":1672,"href":"https:\/\/www.fronteira.eu\/RISfronteira\/wp-json\/wp\/v2\/pages\/397\/revisions\/1672"}],"up":[{"embeddable":true,"href":"https:\/\/www.fronteira.eu\/RISfronteira\/wp-json\/wp\/v2\/pages\/417"}],"wp:featuredmedia":[{"embeddable":true,"href":"https:\/\/www.fronteira.eu\/RISfronteira\/wp-json\/wp\/v2\/media\/1648"}],"wp:attachment":[{"href":"https:\/\/www.fronteira.eu\/RISfronteira\/wp-json\/wp\/v2\/media?parent=397"}],"curies":[{"name":"wp","href":"https:\/\/api.w.org\/{rel}","templated":true}]}}

Câmara Municipal Da Guarda

<figure class="wp-block-image size-full img-logo_socio"><img loading="lazy" width="500" height="200" src="https://www.fronteira.eu/RISfronteira/wp-content/uploads/2024/11/socio28-municipio_guarda.png" alt="Municipio Da Guarda" class="wp-image-1648" srcset="https://www.fronteira.eu/RISfronteira/wp-content/uploads/2024/11/socio28-municipio_guarda.png 500w, https://www.fronteira.eu/RISfronteira/wp-content/uploads/2024/11/socio28-municipio_guarda-300x120.png 300w, https://www.fronteira.eu/RISfronteira/wp-content/uploads/2024/11/socio28-municipio_guarda-200x80.png 200w" sizes="(max-width: 500px) 100vw, 500px" /></figure>



<h3><strong>Território</strong>:</h3>



<p>Praça do Município, 6301-854 – Guarda</p>



<h3><strong>Competências e experiências relevantes</strong>:</h3>



<p>A Câmara Municipal da Guarda vem desempenhando, ao longo dos anos, um papel fundamental no desenvolvimento local e regional. Para além de se preocupar com a dimensão quantitativa do desenvolvimento, através da implementação de redes de infraestruturas básicas, a Câmara Municipal da Guarda não se esqueceu das responsabilidades de âmbito social, educativo e cultural tendo em vista o progresso humano integral, a redução da exclusão social e o fortalecimento da autoestima das pessoas e comunidades locais. Existe, assim, uma diversidade de atividades que se vêm realizando a nível educativo, económico, social e cultural.</p>



<h3>Site, redes sociais e e-mail de contato:</h3>



<div class="redes-socios">
<p><span class="fa fa-globe"></span>    <a href="https://www.mun-guarda.pt/Portal/default.aspx" target="_blank" rel="noopener noreferrer">https://www.mun-guarda.pt/Portal/default.aspx</a></p>
<p><span class="fa fa-facebook-f"></span>    <a href="https://www.facebook.com/MunicipiodaGuarda" target="_blank" rel="noopener noreferrer">www.facebook.com/MunicipiodaGuarda</a></p>
<p><span class="fa fa-envelope"></span>  <a href="mailto:gfc@mun-guarda.pt" target="_blank" rel="noopener noreferrer">gfc@mun-guarda.pt</a></p> 
</div>

<p>A Câmara Municipal de Guarda vem desempenhando, nos últimos anos, um papel fundamental no desenvolvimento local e regional&#8230;</p>
