{"id":379,"date":"2020-04-27T12:36:17","date_gmt":"2020-04-27T12:36:17","guid":{"rendered":"http:\/\/desarrollo.fronteira.eu\/RISfronteira\/?page_id=379"},"modified":"2024-11-12T18:26:17","modified_gmt":"2024-11-12T18:26:17","slug":"centro-ambiental","status":"publish","type":"page","link":"https:\/\/www.fronteira.eu\/RISfronteira\/pt\/centros-inovacao\/centro-ambiental\/","title":{"rendered":"Centro ambiental"},"content":{"rendered":"\n<p>O centro ambiental dedica-se a promover uma abordagem de economia verde que procura conservar os recursos naturais e incentivar pr\u00e1ticas sustent\u00e1veis \u200b\u200bnas comunidades rurais. Este centro centra-se no desenvolvimento de solu\u00e7\u00f5es inovadoras que abordam os desafios ambientais, como a gest\u00e3o de res\u00edduos, a efici\u00eancia energ\u00e9tica e a agricultura sustent\u00e1vel. Atrav\u00e9s de projetos que integram tecnologias limpas e m\u00e9todos de produ\u00e7\u00e3o ecol\u00f3gicos, o polo ambiental promove a cria\u00e7\u00e3o de um ambiente mais saud\u00e1vel e resiliente.<\/p>\n\n\n\n<p>Uma das prioridades deste hub \u00e9 sensibilizar as comunidades para a import\u00e2ncia da sustentabilidade e do cuidado com o ambiente. Isto \u00e9 conseguido atrav\u00e9s de workshops, programas educativos e colabora\u00e7\u00f5es com entidades locais para implementar pr\u00e1ticas sustent\u00e1veis \u200b\u200bna vida quotidiana. Al\u00e9m disso, o hub apoia os empres\u00e1rios e as empresas locais na ado\u00e7\u00e3o de modelos de neg\u00f3cio que priorizem a sustentabilidade, promovendo a economia circular e a utiliza\u00e7\u00e3o respons\u00e1vel dos recursos.<\/p>\n\n\n\n<p>O polo ambiental, portanto, n\u00e3o procura apenas mitigar o impacto ambiental, mas tamb\u00e9m gerar uma mudan\u00e7a positiva na cultura local rumo a um desenvolvimento mais sustent\u00e1vel e respons\u00e1vel, beneficiando as gera\u00e7\u00f5es presentes e futuras.<\/p>\n\n\n","protected":false},"excerpt":{"rendered":"<p>O centro ambiental dedica-se a promover uma abordagem de economia verde que procura conservar os recursos naturais e incentivar pr\u00e1ticas sustent\u00e1veis \u200b\u200bnas comunidades rurais. Este centro centra-se no desenvolvimento de solu\u00e7\u00f5es inovadoras que abordam os desafios ambientais, como a gest\u00e3o<\/p>\n","protected":false},"author":1,"featured_media":0,"parent":656,"menu_order":0,"comment_status":"closed","ping_status":"closed","template":"","meta":[],"_links":{"self":[{"href":"https:\/\/www.fronteira.eu\/RISfronteira\/wp-json\/wp\/v2\/pages\/379"}],"collection":[{"href":"https:\/\/www.fronteira.eu\/RISfronteira\/wp-json\/wp\/v2\/pages"}],"about":[{"href":"https:\/\/www.fronteira.eu\/RISfronteira\/wp-json\/wp\/v2\/types\/page"}],"author":[{"embeddable":true,"href":"https:\/\/www.fronteira.eu\/RISfronteira\/wp-json\/wp\/v2\/users\/1"}],"replies":[{"embeddable":true,"href":"https:\/\/www.fronteira.eu\/RISfronteira\/wp-json\/wp\/v2\/comments?post=379"}],"version-history":[{"count":12,"href":"https:\/\/www.fronteira.eu\/RISfronteira\/wp-json\/wp\/v2\/pages\/379\/revisions"}],"predecessor-version":[{"id":1621,"href":"https:\/\/www.fronteira.eu\/RISfronteira\/wp-json\/wp\/v2\/pages\/379\/revisions\/1621"}],"up":[{"embeddable":true,"href":"https:\/\/www.fronteira.eu\/RISfronteira\/wp-json\/wp\/v2\/pages\/656"}],"wp:attachment":[{"href":"https:\/\/www.fronteira.eu\/RISfronteira\/wp-json\/wp\/v2\/media?parent=379"}],"curies":[{"name":"wp","href":"https:\/\/api.w.org\/{rel}","templated":true}]}}