{"id":372,"date":"2020-04-27T09:03:43","date_gmt":"2020-04-27T09:03:43","guid":{"rendered":"http:\/\/desarrollo.fronteira.eu\/RISfronteira\/?page_id=372"},"modified":"2024-11-13T07:29:08","modified_gmt":"2024-11-13T07:29:08","slug":"atualidade","status":"publish","type":"page","link":"https:\/\/www.fronteira.eu\/RISfronteira\/pt\/atualidade\/","title":{"rendered":"Atualidade"},"content":{"rendered":"\n<div class=\"actualidad\"><style>.wp-show-posts-columns#wpsp-560 {margin-left: -2em; }.wp-show-posts-columns#wpsp-560 .wp-show-posts-inner {margin: 0 0 2em 2em; }<\/style><section id=\"wpsp-560\" class=\" wp-show-posts-columns wp-show-posts\" style=\"\"><article class=\" wp-show-posts-single post-1778 post type-post status-publish format-standard hentry category-noticias-pt wpsp-col-4\" itemtype=\"http:\/\/schema.org\/CreativeWork\" itemscope><div class=\"wp-show-posts-inner\" style=\"\">\t\t\t\t\t\t<header class=\"wp-show-posts-entry-header\">\n\t\t\t\t\t\t\t<h3 class=\"wp-show-posts-entry-title\" itemprop=\"headline\"><a href=\"https:\/\/www.fronteira.eu\/RISfronteira\/pt\/ris-fronteira-avanca-na-inovacao-social-e-cuidados-prolongados\/\" rel=\"bookmark\">RIS Fronteira avan\u00e7a na inova\u00e7\u00e3o social e cuidados prolongados<\/a><\/h3><div class=\"wp-show-posts-entry-meta wp-show-posts-entry-meta-below-title post-meta-inline\"><span class=\"wp-show-posts-posted-on wp-show-posts-meta\">\n\t\t\t\t\t<a href=\"https:\/\/www.fronteira.eu\/RISfronteira\/pt\/ris-fronteira-avanca-na-inovacao-social-e-cuidados-prolongados\/\" title=\"08:35\" rel=\"bookmark\"><time class=\"wp-show-posts-entry-date published\" datetime=\"2025-10-29T08:35:14+00:00\" itemprop=\"datePublished\">29 octubre 2025<\/time><time class=\"wp-show-posts-updated\" datetime=\"2025-10-29T08:35:27+00:00\" itemprop=\"dateModified\">29 octubre 2025<\/time><\/a>\n\t\t\t\t<\/span><\/div>\t\t\t\t\t\t<\/header><!-- .entry-header -->\n\t\t\t\t\t\t\t\t\t\t\t<div class=\"wp-show-posts-entry-summary\" itemprop=\"text\">\n\t\t\t\t\t\t\t<p>Realizou-se em Salamanca uma nova jornada transfronteiri\u00e7a da RIS Fronteira, iniciativa enquadrada no Programa Operacional de Coopera\u00e7\u00e3o Transfronteiri\u00e7a Espanha-Portugal (POCTEP), dedicada ao desenvolvimento de Comunidades de Cuidados dentro do Hub&#8230;<\/p>\n\t\t\t\t\t\t<\/div><!-- .entry-summary -->\n\t\t\t\t\t<div class=\"wpsp-read-more\"><a title=\"RIS Fronteira avan\u00e7a na inova\u00e7\u00e3o social e cuidados prolongados\" class=\"btn-mas\" href=\"https:\/\/www.fronteira.eu\/RISfronteira\/pt\/ris-fronteira-avanca-na-inovacao-social-e-cuidados-prolongados\/\">Ler mais<\/a><\/div><\/div><!-- wp-show-posts-inner --><\/article><article class=\" wp-show-posts-single post-1758 post type-post status-publish format-standard hentry category-noticias-pt wpsp-col-4\" itemtype=\"http:\/\/schema.org\/CreativeWork\" itemscope><div class=\"wp-show-posts-inner\" style=\"\">\t\t\t\t\t\t<header class=\"wp-show-posts-entry-header\">\n\t\t\t\t\t\t\t<h3 class=\"wp-show-posts-entry-title\" itemprop=\"headline\"><a href=\"https:\/\/www.fronteira.eu\/RISfronteira\/pt\/ris-fronteira-reforca-a-cooperacao-transfronteirica-no-dominio-da-inovacao-para-os-cuidados-de-saude-com-uma-reuniao-em-valladolid\/\" rel=\"bookmark\">RIS Fronteira refor\u00e7a a coopera\u00e7\u00e3o transfronteiri\u00e7a no dom\u00ednio da inova\u00e7\u00e3o para os cuidados de sa\u00fade com uma reuni\u00e3o em Valladolid<\/a><\/h3><div class=\"wp-show-posts-entry-meta wp-show-posts-entry-meta-below-title post-meta-inline\"><span class=\"wp-show-posts-posted-on wp-show-posts-meta\">\n\t\t\t\t\t<a href=\"https:\/\/www.fronteira.eu\/RISfronteira\/pt\/ris-fronteira-reforca-a-cooperacao-transfronteirica-no-dominio-da-inovacao-para-os-cuidados-de-saude-com-uma-reuniao-em-valladolid\/\" title=\"11:17\" rel=\"bookmark\"><time class=\"wp-show-posts-entry-date published\" datetime=\"2025-06-03T11:17:00+00:00\" itemprop=\"datePublished\">3 junio 2025<\/time><time class=\"wp-show-posts-updated\" datetime=\"2025-06-12T11:20:40+00:00\" itemprop=\"dateModified\">12 junio 2025<\/time><\/a>\n\t\t\t\t<\/span><\/div>\t\t\t\t\t\t<\/header><!-- .entry-header -->\n\t\t\t\t\t\t\t\t\t\t\t<div class=\"wp-show-posts-entry-summary\" itemprop=\"text\">\n\t\t\t\t\t\t\t<p>No dia 2 de junho, as entidades parceiras do projeto RIS Fronteira reuniram-se em Valladolid para realizar uma jornada de trabalho centrada no hub social, o espa\u00e7o do projeto dedicado&#8230;<\/p>\n\t\t\t\t\t\t<\/div><!-- .entry-summary -->\n\t\t\t\t\t<div class=\"wpsp-read-more\"><a title=\"RIS Fronteira refor\u00e7a a coopera\u00e7\u00e3o transfronteiri\u00e7a no dom\u00ednio da inova\u00e7\u00e3o para os cuidados de sa\u00fade com uma reuni\u00e3o em Valladolid\" class=\"btn-mas\" href=\"https:\/\/www.fronteira.eu\/RISfronteira\/pt\/ris-fronteira-reforca-a-cooperacao-transfronteirica-no-dominio-da-inovacao-para-os-cuidados-de-saude-com-uma-reuniao-em-valladolid\/\">Ler mais<\/a><\/div><\/div><!-- wp-show-posts-inner --><\/article><article class=\" wp-show-posts-single post-1750 post type-post status-publish format-standard hentry category-noticias-pt wpsp-col-4\" itemtype=\"http:\/\/schema.org\/CreativeWork\" itemscope><div class=\"wp-show-posts-inner\" style=\"\">\t\t\t\t\t\t<header class=\"wp-show-posts-entry-header\">\n\t\t\t\t\t\t\t<h3 class=\"wp-show-posts-entry-title\" itemprop=\"headline\"><a href=\"https:\/\/www.fronteira.eu\/RISfronteira\/pt\/hackathon-transfronteirica-para-conceber-solucoes-inovadoras-no-dominio-do-turismo-acessivel-e-sustentavel\/\" rel=\"bookmark\">Hackathon transfronteiri\u00e7a para conceber solu\u00e7\u00f5es inovadoras no dom\u00ednio do turismo acess\u00edvel e sustent\u00e1vel<\/a><\/h3><div class=\"wp-show-posts-entry-meta wp-show-posts-entry-meta-below-title post-meta-inline\"><span class=\"wp-show-posts-posted-on wp-show-posts-meta\">\n\t\t\t\t\t<a href=\"https:\/\/www.fronteira.eu\/RISfronteira\/pt\/hackathon-transfronteirica-para-conceber-solucoes-inovadoras-no-dominio-do-turismo-acessivel-e-sustentavel\/\" title=\"08:51\" rel=\"bookmark\"><time class=\"wp-show-posts-entry-date published\" datetime=\"2025-05-20T08:51:48+00:00\" itemprop=\"datePublished\">20 mayo 2025<\/time><time class=\"wp-show-posts-updated\" datetime=\"2025-05-20T08:57:00+00:00\" itemprop=\"dateModified\">20 mayo 2025<\/time><\/a>\n\t\t\t\t<\/span><\/div>\t\t\t\t\t\t<\/header><!-- .entry-header -->\n\t\t\t\t\t\t\t\t\t\t\t<div class=\"wp-show-posts-entry-summary\" itemprop=\"text\">\n\t\t\t\t\t\t\t<p>No dia 28 de maio, a cidade portuguesa de Seia (Guarda, Portugal) acolher\u00e1 a Confer\u00eancia Luso-Espanhola de Turismo Acess\u00edvel e Sustent\u00e1vel, uma iniciativa no \u00e2mbito do projeto europeu RIS Fronteira,&#8230;<\/p>\n\t\t\t\t\t\t<\/div><!-- .entry-summary -->\n\t\t\t\t\t<div class=\"wpsp-read-more\"><a title=\"Hackathon transfronteiri\u00e7a para conceber solu\u00e7\u00f5es inovadoras no dom\u00ednio do turismo acess\u00edvel e sustent\u00e1vel\" class=\"btn-mas\" href=\"https:\/\/www.fronteira.eu\/RISfronteira\/pt\/hackathon-transfronteirica-para-conceber-solucoes-inovadoras-no-dominio-do-turismo-acessivel-e-sustentavel\/\">Ler mais<\/a><\/div><\/div><!-- wp-show-posts-inner --><\/article><article class=\" wp-show-posts-single post-1744 post type-post status-publish format-standard hentry category-noticias-pt wpsp-col-4\" itemtype=\"http:\/\/schema.org\/CreativeWork\" itemscope><div class=\"wp-show-posts-inner\" style=\"\">\t\t\t\t\t\t<header class=\"wp-show-posts-entry-header\">\n\t\t\t\t\t\t\t<h3 class=\"wp-show-posts-entry-title\" itemprop=\"headline\"><a href=\"https:\/\/www.fronteira.eu\/RISfronteira\/pt\/alijo-acolhe-a-conferencia-inovar-e-transformar-comunidades-para-promover-solucoes-de-inclusao-e-sustentabilidade\/\" rel=\"bookmark\">Alij\u00f3 acolhe a confer\u00eancia \u201cInovar e Transformar Comunidades\u201d para promover solu\u00e7\u00f5es de inclus\u00e3o e sustentabilidade<\/a><\/h3><div class=\"wp-show-posts-entry-meta wp-show-posts-entry-meta-below-title post-meta-inline\"><span class=\"wp-show-posts-posted-on wp-show-posts-meta\">\n\t\t\t\t\t<a href=\"https:\/\/www.fronteira.eu\/RISfronteira\/pt\/alijo-acolhe-a-conferencia-inovar-e-transformar-comunidades-para-promover-solucoes-de-inclusao-e-sustentabilidade\/\" title=\"09:32\" rel=\"bookmark\"><time class=\"wp-show-posts-entry-date published\" datetime=\"2025-03-20T09:32:49+00:00\" itemprop=\"datePublished\">20 marzo 2025<\/time><time class=\"wp-show-posts-updated\" datetime=\"2025-03-20T09:32:53+00:00\" itemprop=\"dateModified\">20 marzo 2025<\/time><\/a>\n\t\t\t\t<\/span><\/div>\t\t\t\t\t\t<\/header><!-- .entry-header -->\n\t\t\t\t\t\t\t\t\t\t\t<div class=\"wp-show-posts-entry-summary\" itemprop=\"text\">\n\t\t\t\t\t\t\t<p>O Audit\u00f3rio Municipal de Alij\u00f3 (Portugal) foi o cen\u00e1rio de uma jornada de trabalho colaborativo em que profissionais e representantes de v\u00e1rias entidades, entre as quais a ASPAYM Castilla y&#8230;<\/p>\n\t\t\t\t\t\t<\/div><!-- .entry-summary -->\n\t\t\t\t\t<div class=\"wpsp-read-more\"><a title=\"Alij\u00f3 acolhe a confer\u00eancia \u201cInovar e Transformar Comunidades\u201d para promover solu\u00e7\u00f5es de inclus\u00e3o e sustentabilidade\" class=\"btn-mas\" href=\"https:\/\/www.fronteira.eu\/RISfronteira\/pt\/alijo-acolhe-a-conferencia-inovar-e-transformar-comunidades-para-promover-solucoes-de-inclusao-e-sustentabilidade\/\">Ler mais<\/a><\/div><\/div><!-- wp-show-posts-inner --><\/article><article class=\" wp-show-posts-single post-1681 post type-post status-publish format-standard hentry category-noticias-pt wpsp-col-4\" itemtype=\"http:\/\/schema.org\/CreativeWork\" itemscope><div class=\"wp-show-posts-inner\" style=\"\">\t\t\t\t\t\t<header class=\"wp-show-posts-entry-header\">\n\t\t\t\t\t\t\t<h3 class=\"wp-show-posts-entry-title\" itemprop=\"headline\"><a href=\"https:\/\/www.fronteira.eu\/RISfronteira\/pt\/a-direcao-dos-servicos-sociais-lidera-uma-jornada-de-gestao-do-conhecimento-sobre-a-economia-do-cuidado-no-ambito-do-projeto-ris-fronteira\/\" rel=\"bookmark\">A Dire\u00e7\u00e3o dos Servi\u00e7os Sociais lidera uma jornada de gest\u00e3o do conhecimento sobre a economia do cuidado, no \u00e2mbito do projeto RIS Fronteira<\/a><\/h3><div class=\"wp-show-posts-entry-meta wp-show-posts-entry-meta-below-title post-meta-inline\"><span class=\"wp-show-posts-posted-on wp-show-posts-meta\">\n\t\t\t\t\t<a href=\"https:\/\/www.fronteira.eu\/RISfronteira\/pt\/a-direcao-dos-servicos-sociais-lidera-uma-jornada-de-gestao-do-conhecimento-sobre-a-economia-do-cuidado-no-ambito-do-projeto-ris-fronteira\/\" title=\"10:07\" rel=\"bookmark\"><time class=\"wp-show-posts-entry-date published\" datetime=\"2024-11-14T10:07:45+00:00\" itemprop=\"datePublished\">14 noviembre 2024<\/time><time class=\"wp-show-posts-updated\" datetime=\"2024-11-14T10:07:48+00:00\" itemprop=\"dateModified\">14 noviembre 2024<\/time><\/a>\n\t\t\t\t<\/span><\/div>\t\t\t\t\t\t<\/header><!-- .entry-header -->\n\t\t\t\t\t\t\t\t\t\t\t<div class=\"wp-show-posts-entry-summary\" itemprop=\"text\">\n\t\t\t\t\t\t\t<p>O Diretor Geral de Pessoas Idosas, Pessoas com Defici\u00eancia e Cuidados de Depend\u00eancia da Dire\u00e7\u00e3o de Servi\u00e7os Sociais de Castela e Le\u00e3o, Eduardo Garc\u00eda Brea, inaugurou a III Confer\u00eancia sobre&#8230;<\/p>\n\t\t\t\t\t\t<\/div><!-- .entry-summary -->\n\t\t\t\t\t<div class=\"wpsp-read-more\"><a title=\"A Dire\u00e7\u00e3o dos Servi\u00e7os Sociais lidera uma jornada de gest\u00e3o do conhecimento sobre a economia do cuidado, no \u00e2mbito do projeto RIS Fronteira\" class=\"btn-mas\" href=\"https:\/\/www.fronteira.eu\/RISfronteira\/pt\/a-direcao-dos-servicos-sociais-lidera-uma-jornada-de-gestao-do-conhecimento-sobre-a-economia-do-cuidado-no-ambito-do-projeto-ris-fronteira\/\">Ler mais<\/a><\/div><\/div><!-- wp-show-posts-inner --><\/article><article class=\" wp-show-posts-single post-1488 post type-post status-publish format-standard hentry category-noticias-pt wpsp-col-4\" itemtype=\"http:\/\/schema.org\/CreativeWork\" itemscope><div class=\"wp-show-posts-inner\" style=\"\">\t\t\t\t\t\t<header class=\"wp-show-posts-entry-header\">\n\t\t\t\t\t\t\t<h3 class=\"wp-show-posts-entry-title\" itemprop=\"headline\"><a href=\"https:\/\/www.fronteira.eu\/RISfronteira\/pt\/iii-conferencia-sobre-a-promocao-de-uma-rede-transfronteirica-de-centros-ou-polos-de-inovacao\/\" rel=\"bookmark\">III Confer\u00eancia sobre a promo\u00e7\u00e3o de uma rede transfronteiri\u00e7a de centros ou p\u00f3los de inova\u00e7\u00e3o<\/a><\/h3><div class=\"wp-show-posts-entry-meta wp-show-posts-entry-meta-below-title post-meta-inline\"><span class=\"wp-show-posts-posted-on wp-show-posts-meta\">\n\t\t\t\t\t<a href=\"https:\/\/www.fronteira.eu\/RISfronteira\/pt\/iii-conferencia-sobre-a-promocao-de-uma-rede-transfronteirica-de-centros-ou-polos-de-inovacao\/\" title=\"07:35\" rel=\"bookmark\"><time class=\"wp-show-posts-entry-date published\" datetime=\"2024-10-30T07:35:49+00:00\" itemprop=\"datePublished\">30 octubre 2024<\/time><time class=\"wp-show-posts-updated\" datetime=\"2024-11-13T08:34:12+00:00\" itemprop=\"dateModified\">13 noviembre 2024<\/time><\/a>\n\t\t\t\t<\/span><\/div>\t\t\t\t\t\t<\/header><!-- .entry-header -->\n\t\t\t\t\t\t\t\t\t\t\t<div class=\"wp-show-posts-entry-summary\" itemprop=\"text\">\n\t\t\t\t\t\t\t<p>No pr\u00f3ximo dia 13 de novembro, ter\u00e1 lugar em Valladolid a III Confer\u00eancia sobre a promo\u00e7\u00e3o de uma rede transfronteiri\u00e7a de centros ou p\u00f3los de inova\u00e7\u00e3o, centrada nos ecossistemas territoriais&#8230;<\/p>\n\t\t\t\t\t\t<\/div><!-- .entry-summary -->\n\t\t\t\t\t<div class=\"wpsp-read-more\"><a title=\"III Confer\u00eancia sobre a promo\u00e7\u00e3o de uma rede transfronteiri\u00e7a de centros ou p\u00f3los de inova\u00e7\u00e3o\" class=\"btn-mas\" href=\"https:\/\/www.fronteira.eu\/RISfronteira\/pt\/iii-conferencia-sobre-a-promocao-de-uma-rede-transfronteirica-de-centros-ou-polos-de-inovacao\/\">Ler mais<\/a><\/div><\/div><!-- wp-show-posts-inner --><\/article><article class=\" wp-show-posts-single post-1480 post type-post status-publish format-standard hentry category-noticias-pt wpsp-col-4\" itemtype=\"http:\/\/schema.org\/CreativeWork\" itemscope><div class=\"wp-show-posts-inner\" style=\"\">\t\t\t\t\t\t<header class=\"wp-show-posts-entry-header\">\n\t\t\t\t\t\t\t<h3 class=\"wp-show-posts-entry-title\" itemprop=\"headline\"><a href=\"https:\/\/www.fronteira.eu\/RISfronteira\/pt\/jornada-para-a-promocao-de-uma-rede-transfronteirica-de-centros-ou-hubs-de-inovacao-no-ambito-do-projeto-ris-fronteira\/\" rel=\"bookmark\">\u00abJornada para a Promo\u00e7\u00e3o de uma Rede Transfronteiri\u00e7a de Centros ou Hubs de Inova\u00e7\u00e3o\u00bb, no \u00e2mbito do projeto RIS FRONTEIRA.<\/a><\/h3><div class=\"wp-show-posts-entry-meta wp-show-posts-entry-meta-below-title post-meta-inline\"><span class=\"wp-show-posts-posted-on wp-show-posts-meta\">\n\t\t\t\t\t<a href=\"https:\/\/www.fronteira.eu\/RISfronteira\/pt\/jornada-para-a-promocao-de-uma-rede-transfronteirica-de-centros-ou-hubs-de-inovacao-no-ambito-do-projeto-ris-fronteira\/\" title=\"14:07\" rel=\"bookmark\"><time class=\"wp-show-posts-entry-date published\" datetime=\"2024-04-19T14:07:00+00:00\" itemprop=\"datePublished\">19 abril 2024<\/time><time class=\"wp-show-posts-updated\" datetime=\"2024-11-13T08:37:04+00:00\" itemprop=\"dateModified\">13 noviembre 2024<\/time><\/a>\n\t\t\t\t<\/span><\/div>\t\t\t\t\t\t<\/header><!-- .entry-header -->\n\t\t\t\t\t\t\t\t\t\t\t<div class=\"wp-show-posts-entry-summary\" itemprop=\"text\">\n\t\t\t\t\t\t\t<p>No passado dia 30 de janeiro, realizou-se no Centro Municipal Integrado Victoria Adrados (Salamanca) a \u00abConfer\u00eancia sobre a Promo\u00e7\u00e3o de uma Rede Transfronteiri\u00e7a de Centros ou P\u00f3los de Inova\u00e7\u00e3o\u00bb, no&#8230;<\/p>\n\t\t\t\t\t\t<\/div><!-- .entry-summary -->\n\t\t\t\t\t<div class=\"wpsp-read-more\"><a title=\"\u00abJornada para a Promo\u00e7\u00e3o de uma Rede Transfronteiri\u00e7a de Centros ou Hubs de Inova\u00e7\u00e3o\u00bb, no \u00e2mbito do projeto RIS FRONTEIRA.\" class=\"btn-mas\" href=\"https:\/\/www.fronteira.eu\/RISfronteira\/pt\/jornada-para-a-promocao-de-uma-rede-transfronteirica-de-centros-ou-hubs-de-inovacao-no-ambito-do-projeto-ris-fronteira\/\">Ler mais<\/a><\/div><\/div><!-- wp-show-posts-inner --><\/article><article class=\" wp-show-posts-single post-1470 post type-post status-publish format-standard hentry category-noticias-pt wpsp-col-4\" itemtype=\"http:\/\/schema.org\/CreativeWork\" itemscope><div class=\"wp-show-posts-inner\" style=\"\">\t\t\t\t\t\t<header class=\"wp-show-posts-entry-header\">\n\t\t\t\t\t\t\t<h3 class=\"wp-show-posts-entry-title\" itemprop=\"headline\"><a href=\"https:\/\/www.fronteira.eu\/RISfronteira\/pt\/videos-de-las-jornadas-de-innovacion-turistica-2\/\" rel=\"bookmark\">V\u00eddeos de las Jornadas de Innovaci\u00f3n Tur\u00edstica<\/a><\/h3><div class=\"wp-show-posts-entry-meta wp-show-posts-entry-meta-below-title post-meta-inline\"><span class=\"wp-show-posts-posted-on wp-show-posts-meta\">\n\t\t\t\t\t<a href=\"https:\/\/www.fronteira.eu\/RISfronteira\/pt\/videos-de-las-jornadas-de-innovacion-turistica-2\/\" title=\"14:28\" rel=\"bookmark\"><time class=\"wp-show-posts-entry-date published\" datetime=\"2023-09-14T14:28:16+00:00\" itemprop=\"datePublished\">14 septiembre 2023<\/time><time class=\"wp-show-posts-updated\" datetime=\"2024-11-13T08:35:28+00:00\" itemprop=\"dateModified\">13 noviembre 2024<\/time><\/a>\n\t\t\t\t<\/span><\/div>\t\t\t\t\t\t<\/header><!-- .entry-header -->\n\t\t\t\t\t\t\t\t\t\t\t<div class=\"wp-show-posts-entry-summary\" itemprop=\"text\">\n\t\t\t\t\t\t\t<p>J\u00e1 est\u00e3o dispon\u00edveis os v\u00eddeos da Confer\u00eancia de Inova\u00e7\u00e3o Tur\u00edstica realizada nos dias 30 e 31 de maio em B\u00e9jar, Salamanca, que serviu de ponto de encontro e interc\u00e2mbio entre&#8230;<\/p>\n\t\t\t\t\t\t<\/div><!-- .entry-summary -->\n\t\t\t\t\t<div class=\"wpsp-read-more\"><a title=\"V\u00eddeos de las Jornadas de Innovaci\u00f3n Tur\u00edstica\" class=\"btn-mas\" href=\"https:\/\/www.fronteira.eu\/RISfronteira\/pt\/videos-de-las-jornadas-de-innovacion-turistica-2\/\">Ler mais<\/a><\/div><\/div><!-- wp-show-posts-inner --><\/article><article class=\" wp-show-posts-single post-1458 post type-post status-publish format-standard hentry category-noticias-pt wpsp-col-4\" itemtype=\"http:\/\/schema.org\/CreativeWork\" itemscope><div class=\"wp-show-posts-inner\" style=\"\">\t\t\t\t\t\t<header class=\"wp-show-posts-entry-header\">\n\t\t\t\t\t\t\t<h3 class=\"wp-show-posts-entry-title\" itemprop=\"headline\"><a href=\"https:\/\/www.fronteira.eu\/RISfronteira\/pt\/conferencia-final-do-projeto-ruralcare%ef%bf%bc\/\" rel=\"bookmark\">Confer\u00eancia final do projeto RuralCare\ufffc<\/a><\/h3><div class=\"wp-show-posts-entry-meta wp-show-posts-entry-meta-below-title post-meta-inline\"><span class=\"wp-show-posts-posted-on wp-show-posts-meta\">\n\t\t\t\t\t<a href=\"https:\/\/www.fronteira.eu\/RISfronteira\/pt\/conferencia-final-do-projeto-ruralcare%ef%bf%bc\/\" title=\"07:19\" rel=\"bookmark\"><time class=\"wp-show-posts-entry-date published\" datetime=\"2023-09-12T07:19:41+00:00\" itemprop=\"datePublished\">12 septiembre 2023<\/time><time class=\"wp-show-posts-updated\" datetime=\"2024-11-13T08:39:42+00:00\" itemprop=\"dateModified\">13 noviembre 2024<\/time><\/a>\n\t\t\t\t<\/span><\/div>\t\t\t\t\t\t<\/header><!-- .entry-header -->\n\t\t\t\t\t\t\t\t\t\t\t<div class=\"wp-show-posts-entry-summary\" itemprop=\"text\">\n\t\t\t\t\t\t\t<p>RuralCare \u00e9 um projeto europeu de inova\u00e7\u00e3o em servi\u00e7os sociais para a conce\u00e7\u00e3o, teste e avalia\u00e7\u00e3o de uma abordagem sist\u00e9mica inovadora para a presta\u00e7\u00e3o de cuidados integrados de longa dura\u00e7\u00e3o,&#8230;<\/p>\n\t\t\t\t\t\t<\/div><!-- .entry-summary -->\n\t\t\t\t\t<div class=\"wpsp-read-more\"><a title=\"Confer\u00eancia final do projeto RuralCare\ufffc\" class=\"btn-mas\" href=\"https:\/\/www.fronteira.eu\/RISfronteira\/pt\/conferencia-final-do-projeto-ruralcare%ef%bf%bc\/\">Ler mais<\/a><\/div><\/div><!-- wp-show-posts-inner --><\/article><div class=\"wpsp-clear\"><\/div><\/section><!-- .wp-show-posts --><\/div>\n","protected":false},"excerpt":{"rendered":"","protected":false},"author":1,"featured_media":1632,"parent":0,"menu_order":0,"comment_status":"closed","ping_status":"closed","template":"","meta":[],"_links":{"self":[{"href":"https:\/\/www.fronteira.eu\/RISfronteira\/wp-json\/wp\/v2\/pages\/372"}],"collection":[{"href":"https:\/\/www.fronteira.eu\/RISfronteira\/wp-json\/wp\/v2\/pages"}],"about":[{"href":"https:\/\/www.fronteira.eu\/RISfronteira\/wp-json\/wp\/v2\/types\/page"}],"author":[{"embeddable":true,"href":"https:\/\/www.fronteira.eu\/RISfronteira\/wp-json\/wp\/v2\/users\/1"}],"replies":[{"embeddable":true,"href":"https:\/\/www.fronteira.eu\/RISfronteira\/wp-json\/wp\/v2\/comments?post=372"}],"version-history":[{"count":4,"href":"https:\/\/www.fronteira.eu\/RISfronteira\/wp-json\/wp\/v2\/pages\/372\/revisions"}],"predecessor-version":[{"id":563,"href":"https:\/\/www.fronteira.eu\/RISfronteira\/wp-json\/wp\/v2\/pages\/372\/revisions\/563"}],"wp:featuredmedia":[{"embeddable":true,"href":"https:\/\/www.fronteira.eu\/RISfronteira\/wp-json\/wp\/v2\/media\/1632"}],"wp:attachment":[{"href":"https:\/\/www.fronteira.eu\/RISfronteira\/wp-json\/wp\/v2\/media?parent=372"}],"curies":[{"name":"wp","href":"https:\/\/api.w.org\/{rel}","templated":true}]}}