{"id":321,"date":"2020-04-20T10:39:47","date_gmt":"2020-04-20T10:39:47","guid":{"rendered":"http:\/\/desarrollo.fronteira.eu\/RISfronteira\/?page_id=321"},"modified":"2024-11-19T09:53:28","modified_gmt":"2024-11-19T09:53:28","slug":"instituto-politecnico-da-guarda","status":"publish","type":"page","link":"https:\/\/www.fronteira.eu\/RISfronteira\/socios\/instituto-politecnico-da-guarda\/","title":{"rendered":"Instituto Polit\u00e9cnico Da Guarda"},"content":{"rendered":"\n<figure class=\"wp-block-image size-full img-logo_socio\"><img loading=\"lazy\" width=\"500\" height=\"200\" src=\"https:\/\/www.fronteira.eu\/RISfronteira\/wp-content\/uploads\/2024\/11\/socio22-instituto_poli_guarda.png\" alt=\"Polit\u00e9cnico Guarda\" class=\"wp-image-1642\" srcset=\"https:\/\/www.fronteira.eu\/RISfronteira\/wp-content\/uploads\/2024\/11\/socio22-instituto_poli_guarda.png 500w, https:\/\/www.fronteira.eu\/RISfronteira\/wp-content\/uploads\/2024\/11\/socio22-instituto_poli_guarda-300x120.png 300w, https:\/\/www.fronteira.eu\/RISfronteira\/wp-content\/uploads\/2024\/11\/socio22-instituto_poli_guarda-200x80.png 200w\" sizes=\"(max-width: 500px) 100vw, 500px\" \/><\/figure>\n\n\n\n<h3>Direcci\u00f3n:<\/h3>\n\n\n\n<p>Av. Dr. Francisco S\u00e1 Carneiro, 50<br>6300-559 Guarda<br>Portugal<\/p>\n\n\n\n<p><\/p>\n\n\n\n<h3><strong>Descripci\u00f3n, competencias y experiencias relevantes<\/strong>:<\/h3>\n\n\n\n<p>El IPG es una instituci\u00f3n p\u00fablica de ense\u00f1anza superior, al servicio de la sociedad, orientada a la producci\u00f3n y difusi\u00f3n del conocimiento, a la creaci\u00f3n y transmisi\u00f3n de la cultura y del saber de car\u00e1cter profesional, cient\u00edfico, tecnol\u00f3gico y art\u00edstico, mediante la articulaci\u00f3n del estudio, la docencia, la investigaci\u00f3n orientada y el desarrollo experimental.<\/p>\n\n\n\n<p>Esta es una descripci\u00f3n que se aplicar\u00eda a cualquier Polit\u00e9cnica, pero \u00e9sta no es una Polit\u00e9cnica cualquiera. La Polit\u00e9cnica de Guarda tiene una relaci\u00f3n especial y particularmente relevante con la regi\u00f3n en la que opera. Se est\u00e1 convirtiendo cada vez m\u00e1s en un centro de desarrollo regional, que a\u00fana la innovaci\u00f3n y los descubrimientos de un futuro que a veces s\u00f3lo puede adivinarse, con la cultura, la experiencia y los recursos de una regi\u00f3n con la que muchos ni siquiera sue\u00f1an. Es a este encuentro de pasado y futuro, de experiencia y oportunidad, al que invitan a todos aquellos que decidan estudiar, ense\u00f1ar, investigar, trabajar, invertir y colaborar, en un lugar que invita a la reflexi\u00f3n y motiva a la acci\u00f3n.<\/p>\n\n\n\n<h3>P\u00e1gina web, redes sociales y email de contacto:<\/h3>\n\n\n\n<div class=\"redes-socios\">\n\n<p><span class=\"fa fa-globe\"><\/span>    <a href=\"https:\/\/politecnicoguarda.pt\/\" target=\"_blank\" rel=\"noopener noreferrer\">https:\/\/politecnicoguarda.pt\/  <\/a><\/p>\n\n<p><span class=\"fa fa-facebook-f\"><\/span>    <a href=\"https:\/\/www.facebook.com\/politecnicodaguarda\" target=\"_blank\" rel=\"noopener noreferrer\">https:\/\/www.facebook.com\/politecnicodaguarda <\/a><\/p>\n\n<p><span class=\"fa fa-instagram\"><\/span>    <a href=\"https:\/\/www.instagram.com\/politecnicodaguarda\/\" target=\"_blank\" rel=\"noopener noreferrer\">https:\/\/www.instagram.com\/politecnicodaguarda\/ <\/a><\/p>\n\n<p><span class=\"fa fa-youtube\"><\/span>    <a href=\"https:\/\/www.youtube.com\/c\/PolitecnicodaGuarda\" target=\"_blank\" rel=\"noopener noreferrer\">https:\/\/www.youtube.com\/c\/PolitecnicodaGuarda<\/a><\/p>\n\n<p><span class=\"fa fa-envelope\"><\/span>  <a href=\"mailto:ipg@ipg.pt\" target=\"_blank\" rel=\"noopener noreferrer\">ipg@ipg.pt<\/a><\/p> \n<\/div>\n\n\n\n<p><\/p>\n","protected":false},"excerpt":{"rendered":"<p>El IPG es una instituci\u00f3n p\u00fablica de ense\u00f1anza superior, al servicio de la sociedad, orientada a la producci\u00f3n y difusi\u00f3n del conocimiento, a la creaci\u00f3n y transmisi\u00f3n de la cultura y del saber de car\u00e1cter profesional, cient\u00edfico, tecnol\u00f3gico y art\u00edstico, mediante la articulaci\u00f3n del estudio, la docencia, la investigaci\u00f3n orientada y el desarrollo experimental.<\/p>\n","protected":false},"author":1,"featured_media":1642,"parent":26,"menu_order":0,"comment_status":"closed","ping_status":"closed","template":"","meta":[],"_links":{"self":[{"href":"https:\/\/www.fronteira.eu\/RISfronteira\/wp-json\/wp\/v2\/pages\/321"}],"collection":[{"href":"https:\/\/www.fronteira.eu\/RISfronteira\/wp-json\/wp\/v2\/pages"}],"about":[{"href":"https:\/\/www.fronteira.eu\/RISfronteira\/wp-json\/wp\/v2\/types\/page"}],"author":[{"embeddable":true,"href":"https:\/\/www.fronteira.eu\/RISfronteira\/wp-json\/wp\/v2\/users\/1"}],"replies":[{"embeddable":true,"href":"https:\/\/www.fronteira.eu\/RISfronteira\/wp-json\/wp\/v2\/comments?post=321"}],"version-history":[{"count":18,"href":"https:\/\/www.fronteira.eu\/RISfronteira\/wp-json\/wp\/v2\/pages\/321\/revisions"}],"predecessor-version":[{"id":1700,"href":"https:\/\/www.fronteira.eu\/RISfronteira\/wp-json\/wp\/v2\/pages\/321\/revisions\/1700"}],"up":[{"embeddable":true,"href":"https:\/\/www.fronteira.eu\/RISfronteira\/wp-json\/wp\/v2\/pages\/26"}],"wp:featuredmedia":[{"embeddable":true,"href":"https:\/\/www.fronteira.eu\/RISfronteira\/wp-json\/wp\/v2\/media\/1642"}],"wp:attachment":[{"href":"https:\/\/www.fronteira.eu\/RISfronteira\/wp-json\/wp\/v2\/media?parent=321"}],"curies":[{"name":"wp","href":"https:\/\/api.w.org\/{rel}","templated":true}]}}

Instituto Politécnico Da Guarda

<figure class="wp-block-image size-full img-logo_socio"><img loading="lazy" width="500" height="200" src="https://www.fronteira.eu/RISfronteira/wp-content/uploads/2024/11/socio22-instituto_poli_guarda.png" alt="Politécnico Guarda" class="wp-image-1642" srcset="https://www.fronteira.eu/RISfronteira/wp-content/uploads/2024/11/socio22-instituto_poli_guarda.png 500w, https://www.fronteira.eu/RISfronteira/wp-content/uploads/2024/11/socio22-instituto_poli_guarda-300x120.png 300w, https://www.fronteira.eu/RISfronteira/wp-content/uploads/2024/11/socio22-instituto_poli_guarda-200x80.png 200w" sizes="(max-width: 500px) 100vw, 500px" /></figure>



<h3>Dirección:</h3>



<p>Av. Dr. Francisco Sá Carneiro, 50<br>6300-559 Guarda<br>Portugal</p>



<p></p>



<h3><strong>Descripción, competencias y experiencias relevantes</strong>:</h3>



<p>El IPG es una institución pública de enseñanza superior, al servicio de la sociedad, orientada a la producción y difusión del conocimiento, a la creación y transmisión de la cultura y del saber de carácter profesional, científico, tecnológico y artístico, mediante la articulación del estudio, la docencia, la investigación orientada y el desarrollo experimental.</p>



<p>Esta es una descripción que se aplicaría a cualquier Politécnica, pero ésta no es una Politécnica cualquiera. La Politécnica de Guarda tiene una relación especial y particularmente relevante con la región en la que opera. Se está convirtiendo cada vez más en un centro de desarrollo regional, que aúna la innovación y los descubrimientos de un futuro que a veces sólo puede adivinarse, con la cultura, la experiencia y los recursos de una región con la que muchos ni siquiera sueñan. Es a este encuentro de pasado y futuro, de experiencia y oportunidad, al que invitan a todos aquellos que decidan estudiar, enseñar, investigar, trabajar, invertir y colaborar, en un lugar que invita a la reflexión y motiva a la acción.</p>



<h3>Página web, redes sociales y email de contacto:</h3>



<div class="redes-socios">

<p><span class="fa fa-globe"></span>    <a href="https://politecnicoguarda.pt/" target="_blank" rel="noopener noreferrer">https://politecnicoguarda.pt/  </a></p>

<p><span class="fa fa-facebook-f"></span>    <a href="https://www.facebook.com/politecnicodaguarda" target="_blank" rel="noopener noreferrer">https://www.facebook.com/politecnicodaguarda </a></p>

<p><span class="fa fa-instagram"></span>    <a href="https://www.instagram.com/politecnicodaguarda/" target="_blank" rel="noopener noreferrer">https://www.instagram.com/politecnicodaguarda/ </a></p>

<p><span class="fa fa-youtube"></span>    <a href="https://www.youtube.com/c/PolitecnicodaGuarda" target="_blank" rel="noopener noreferrer">https://www.youtube.com/c/PolitecnicodaGuarda</a></p>

<p><span class="fa fa-envelope"></span>  <a href="mailto:ipg@ipg.pt" target="_blank" rel="noopener noreferrer">ipg@ipg.pt</a></p> 
</div>



<p></p>

<p>El IPG es una institución pública de enseñanza superior, al servicio de la sociedad, orientada a la producción y difusión del conocimiento, a la creación y transmisión de la cultura y del saber de carácter profesional, científico, tecnológico y artístico, mediante la articulación del estudio, la docencia, la investigación orientada y el desarrollo experimental.</p>
