{"id":243,"date":"2020-04-17T08:25:01","date_gmt":"2020-04-17T08:25:01","guid":{"rendered":"http:\/\/desarrollo.fronteira.eu\/RISfronteira\/?page_id=243"},"modified":"2024-11-13T09:18:17","modified_gmt":"2024-11-13T09:18:17","slug":"camara-municipal-da-guarda","status":"publish","type":"page","link":"https:\/\/www.fronteira.eu\/RISfronteira\/socios\/camara-municipal-da-guarda\/","title":{"rendered":"C\u00e1mara Municipal Da Guarda"},"content":{"rendered":"\n<figure class=\"wp-block-image size-full img-logo_socio\"><img loading=\"lazy\" width=\"500\" height=\"200\" src=\"https:\/\/www.fronteira.eu\/RISfronteira\/wp-content\/uploads\/2024\/11\/socio28-municipio_guarda.png\" alt=\"Municipio Da Guarda\" class=\"wp-image-1648\" srcset=\"https:\/\/www.fronteira.eu\/RISfronteira\/wp-content\/uploads\/2024\/11\/socio28-municipio_guarda.png 500w, https:\/\/www.fronteira.eu\/RISfronteira\/wp-content\/uploads\/2024\/11\/socio28-municipio_guarda-300x120.png 300w, https:\/\/www.fronteira.eu\/RISfronteira\/wp-content\/uploads\/2024\/11\/socio28-municipio_guarda-200x80.png 200w\" sizes=\"(max-width: 500px) 100vw, 500px\" \/><\/figure>\n\n\n\n<h3>Direcci\u00f3n:<\/h3>\n\n\n\n<p>Pra\u00e7a do Munic\u00edpio, 6301-854 \u2013 Guarda<\/p>\n\n\n\n<h3>Habilidades y experiencias relevantes:<\/h3>\n\n\n\n<p>La C\u00e1mara Municipal de Guarda viene desempe\u00f1ando, a lo largo de los \u00faltimos a\u00f1os, un papel fundamental en el desarrollo local y regional. Adem\u00e1s de preocuparse con la dimensi\u00f3n cuantitativa del desarrollo, a trav\u00e9s de la implementaci\u00f3n de redes de infraestructuras b\u00e1sicas, la C\u00e1mara Municipal da Guarda no se ha olvidado de las responsabilidades de \u00e1mbito social, educativo y cultural teniendo en vista el progreso humano integral, la reducci\u00f3n de la exclusi\u00f3n social y el fortalecimiento de la autoestima de las personas y comunidades locales. Hay, as\u00ed, una diversidad de actividades que se vienen realizando a nivel educativo, econ\u00f3mico, social y cultural.<\/p>\n\n\n\n<h3>P\u00e1gina web, redes sociales y email de contacto:<\/h3>\n\n\n\n<div class=\"redes-socios\">\n<p><span class=\"fa fa-globe\"><\/span>    <a href=\"https:\/\/www.mun-guarda.pt\/Portal\/default.aspx\" target=\"_blank\" rel=\"noopener noreferrer\">https:\/\/www.mun-guarda.pt\/Portal\/default.aspx<\/a><\/p>\n<p><span class=\"fa fa-facebook-f\"><\/span>    <a href=\"https:\/\/www.facebook.com\/MunicipiodaGuarda\" target=\"_blank\" rel=\"noopener noreferrer\">www.facebook.com\/MunicipiodaGuarda<\/a><\/p>\n<p><span class=\"fa fa-envelope\"><\/span>  <a href=\"mailto:gfc@mun-guarda.pt\" target=\"_blank\" rel=\"noopener noreferrer\">gfc@mun-guarda.pt<\/a><\/p> \n<\/div>\n","protected":false},"excerpt":{"rendered":"<p>La C\u00e1mara Municipal de Guarda viene desempe\u00f1ando, a lo largo de los \u00faltimos a\u00f1os, un papel fundamental en el desarrollo local y regional\u2026<\/p>\n","protected":false},"author":1,"featured_media":1648,"parent":26,"menu_order":0,"comment_status":"closed","ping_status":"closed","template":"","meta":[],"_links":{"self":[{"href":"https:\/\/www.fronteira.eu\/RISfronteira\/wp-json\/wp\/v2\/pages\/243"}],"collection":[{"href":"https:\/\/www.fronteira.eu\/RISfronteira\/wp-json\/wp\/v2\/pages"}],"about":[{"href":"https:\/\/www.fronteira.eu\/RISfronteira\/wp-json\/wp\/v2\/types\/page"}],"author":[{"embeddable":true,"href":"https:\/\/www.fronteira.eu\/RISfronteira\/wp-json\/wp\/v2\/users\/1"}],"replies":[{"embeddable":true,"href":"https:\/\/www.fronteira.eu\/RISfronteira\/wp-json\/wp\/v2\/comments?post=243"}],"version-history":[{"count":15,"href":"https:\/\/www.fronteira.eu\/RISfronteira\/wp-json\/wp\/v2\/pages\/243\/revisions"}],"predecessor-version":[{"id":1667,"href":"https:\/\/www.fronteira.eu\/RISfronteira\/wp-json\/wp\/v2\/pages\/243\/revisions\/1667"}],"up":[{"embeddable":true,"href":"https:\/\/www.fronteira.eu\/RISfronteira\/wp-json\/wp\/v2\/pages\/26"}],"wp:featuredmedia":[{"embeddable":true,"href":"https:\/\/www.fronteira.eu\/RISfronteira\/wp-json\/wp\/v2\/media\/1648"}],"wp:attachment":[{"href":"https:\/\/www.fronteira.eu\/RISfronteira\/wp-json\/wp\/v2\/media?parent=243"}],"curies":[{"name":"wp","href":"https:\/\/api.w.org\/{rel}","templated":true}]}}

Cámara Municipal Da Guarda

<figure class="wp-block-image size-full img-logo_socio"><img loading="lazy" width="500" height="200" src="https://www.fronteira.eu/RISfronteira/wp-content/uploads/2024/11/socio28-municipio_guarda.png" alt="Municipio Da Guarda" class="wp-image-1648" srcset="https://www.fronteira.eu/RISfronteira/wp-content/uploads/2024/11/socio28-municipio_guarda.png 500w, https://www.fronteira.eu/RISfronteira/wp-content/uploads/2024/11/socio28-municipio_guarda-300x120.png 300w, https://www.fronteira.eu/RISfronteira/wp-content/uploads/2024/11/socio28-municipio_guarda-200x80.png 200w" sizes="(max-width: 500px) 100vw, 500px" /></figure>



<h3>Dirección:</h3>



<p>Praça do Município, 6301-854 – Guarda</p>



<h3>Habilidades y experiencias relevantes:</h3>



<p>La Cámara Municipal de Guarda viene desempeñando, a lo largo de los últimos años, un papel fundamental en el desarrollo local y regional. Además de preocuparse con la dimensión cuantitativa del desarrollo, a través de la implementación de redes de infraestructuras básicas, la Cámara Municipal da Guarda no se ha olvidado de las responsabilidades de ámbito social, educativo y cultural teniendo en vista el progreso humano integral, la reducción de la exclusión social y el fortalecimiento de la autoestima de las personas y comunidades locales. Hay, así, una diversidad de actividades que se vienen realizando a nivel educativo, económico, social y cultural.</p>



<h3>Página web, redes sociales y email de contacto:</h3>



<div class="redes-socios">
<p><span class="fa fa-globe"></span>    <a href="https://www.mun-guarda.pt/Portal/default.aspx" target="_blank" rel="noopener noreferrer">https://www.mun-guarda.pt/Portal/default.aspx</a></p>
<p><span class="fa fa-facebook-f"></span>    <a href="https://www.facebook.com/MunicipiodaGuarda" target="_blank" rel="noopener noreferrer">www.facebook.com/MunicipiodaGuarda</a></p>
<p><span class="fa fa-envelope"></span>  <a href="mailto:gfc@mun-guarda.pt" target="_blank" rel="noopener noreferrer">gfc@mun-guarda.pt</a></p> 
</div>

<p>La Cámara Municipal de Guarda viene desempeñando, a lo largo de los últimos años, un papel fundamental en el desarrollo local y regional…</p>
