{"id":165,"date":"2020-04-13T07:31:19","date_gmt":"2020-04-13T07:31:19","guid":{"rendered":"http:\/\/desarrollo.fronteira.eu\/RISfronteira\/?page_id=165"},"modified":"2024-11-19T10:10:42","modified_gmt":"2024-11-19T10:10:42","slug":"fundacion-aspaym-castilla-y-leon","status":"publish","type":"page","link":"https:\/\/www.fronteira.eu\/RISfronteira\/socios\/fundacion-aspaym-castilla-y-leon\/","title":{"rendered":"Fundaci\u00f3n ASPAYM Castilla y Le\u00f3n"},"content":{"rendered":"\n<figure class=\"wp-block-image size-full img-logo_socio\"><img loading=\"lazy\" width=\"500\" height=\"200\" src=\"https:\/\/www.fronteira.eu\/RISfronteira\/wp-content\/uploads\/2024\/11\/socio27-aspaym.png\" alt=\"ASPAYM Castilla y Le\u00f3n\" class=\"wp-image-1647\" srcset=\"https:\/\/www.fronteira.eu\/RISfronteira\/wp-content\/uploads\/2024\/11\/socio27-aspaym.png 500w, https:\/\/www.fronteira.eu\/RISfronteira\/wp-content\/uploads\/2024\/11\/socio27-aspaym-300x120.png 300w, https:\/\/www.fronteira.eu\/RISfronteira\/wp-content\/uploads\/2024\/11\/socio27-aspaym-200x80.png 200w\" sizes=\"(max-width: 500px) 100vw, 500px\" \/><\/figure>\n\n\n\n<h3>Direcci\u00f3n:<\/h3>\n\n\n\n<p>Calle de Trevi\u00f1o, 74, 47008 Valladolid (Espa\u00f1a)&nbsp;<\/p>\n\n\n\n<h3>Habilidades y experiencias relevantes:<\/h3>\n\n\n\n<p>ASPAYM Castilla y Le\u00f3n nace en 1992 con el objetivo de mejorar la calidad de vida de las personas con discapacidad. En sus inicios la entidad se centr\u00f3 en la atenci\u00f3n de personas con lesi\u00f3n medular de la comunidad, sin embargo, durante sus a\u00f1os de actividad, ASPAYM Castilla y Le\u00f3n ha ido evolucionando acorde con la sociedad, dando atenci\u00f3n a todo tipo de discapacidad f\u00edsica (lesi\u00f3n medular, ictus, ataxia, etc). Tras posicionarse en la comunidad como una entidad de referencia en el campo de la discapacidad, abre todos sus servicios a la sociedad en general, generando una metodolog\u00eda de trabajo inclusiva, donde todas las personas tienen cabida.<\/p>\n\n\n\n<p>ASPAYM Castilla y Le\u00f3n trabaja con nuevos proyectos para posibilitar la inclusi\u00f3n social y laboral de las personas con discapacidad y lograr que lleven a cabo cualquier tipo de actividad sin ninguna limitaci\u00f3n. La entidad se plantea ser una asociaci\u00f3n l\u00edder, que, a trav\u00e9s de la calidad de sus programas y actividades, de la investigaci\u00f3n y la utilizaci\u00f3n de las nuevas tecnolog\u00edas, proporcione a las personas con discapacidad, y a la sociedad en general, las herramientas necesarias para alcanzar su misi\u00f3n.<\/p>\n\n\n\n<p>ASPAYM Castilla y Le\u00f3n comparte el esp\u00edritu y los compromisos de la Agenda 2030 y de los Objetivos de Desarrollo Sostenible (ODS) para conseguir la igualdad entre las personas, proteger el planeta y asegurar la prosperidad. La actividad de la entidad se centra en promover la igualdad de las personas con discapacidad contribuyendo as\u00ed a una sociedad m\u00e1s inclusiva.<\/p>\n\n\n\n<p><\/p>\n\n\n\n<h3>P\u00e1gina web, redes sociales y email de contacto:<\/h3>\n\n\n\n<div class=\"redes-socios\">\n\n<p><span class=\"fa fa-globe\"><\/span>    <a href=\"https:\/\/www.aspaymcyl.org\/\" target=\"_blank\" rel=\"noopener noreferrer\">www.aspaymcyl.org\/<\/a><\/p>\n\n<p><span class=\"fa fa-facebook-f\"><\/span>    <a href=\"https:\/\/www.facebook.com\/aspaym.castillayleon\/\" target=\"_blank\" rel=\"noopener noreferrer\">www.facebook.com\/aspaym.castillayleon\/ <\/a><\/p>\n\n<p><span class=\"fa fa-twitter\"><\/span>    <a href=\"https:\/\/twitter.com\/Aspaym_CyL\" target=\"_blank\" rel=\"noopener noreferrer\">twitter.com\/Aspaym_CyL<\/a><\/p>\n\n<p><span class=\"fa fa-instagram\"><\/span>    <a href=\"https:\/\/www.instagram.com\/aspaym_cyl\/\" target=\"_blank\" rel=\"noopener noreferrer\">www.instagram.com\/aspaym_cyl\/<\/a><\/p>\n\n<p><span class=\"fa fa-youtube\"><\/span>    <a href=\"https:\/\/www.youtube.com\/user\/aspaymcyl\" target=\"_blank\" rel=\"noopener noreferrer\">www.youtube.com\/user\/aspaymcyl<\/a><\/p>\n\n<p><span class=\"fa fa-flickr\"><\/span>    <a href=\"https:\/\/www.flickr.com\/photos\/aspaymcyl\/\" target=\"_blank\" rel=\"noopener noreferrer\">www.flickr.com\/photos\/aspaymcyl\/<\/a><\/p>\n\n<p><span class=\"fa fa-envelope\"><\/span>  <a href=\"mailto:aspaymcyl@aspaymcyl.org\" target=\"_blank\" rel=\"noopener noreferrer\">aspaymcyl@aspaymcyl.org<\/a><\/p> \n<\/div>\n","protected":false},"excerpt":{"rendered":"<p>ASPAYM Castilla y Le\u00f3n nace en 1992 con el objetivo de mejorar la calidad de vida de las personas con discapacidad. <\/p>\n","protected":false},"author":1,"featured_media":1647,"parent":26,"menu_order":0,"comment_status":"closed","ping_status":"closed","template":"","meta":[],"_links":{"self":[{"href":"https:\/\/www.fronteira.eu\/RISfronteira\/wp-json\/wp\/v2\/pages\/165"}],"collection":[{"href":"https:\/\/www.fronteira.eu\/RISfronteira\/wp-json\/wp\/v2\/pages"}],"about":[{"href":"https:\/\/www.fronteira.eu\/RISfronteira\/wp-json\/wp\/v2\/types\/page"}],"author":[{"embeddable":true,"href":"https:\/\/www.fronteira.eu\/RISfronteira\/wp-json\/wp\/v2\/users\/1"}],"replies":[{"embeddable":true,"href":"https:\/\/www.fronteira.eu\/RISfronteira\/wp-json\/wp\/v2\/comments?post=165"}],"version-history":[{"count":20,"href":"https:\/\/www.fronteira.eu\/RISfronteira\/wp-json\/wp\/v2\/pages\/165\/revisions"}],"predecessor-version":[{"id":1715,"href":"https:\/\/www.fronteira.eu\/RISfronteira\/wp-json\/wp\/v2\/pages\/165\/revisions\/1715"}],"up":[{"embeddable":true,"href":"https:\/\/www.fronteira.eu\/RISfronteira\/wp-json\/wp\/v2\/pages\/26"}],"wp:featuredmedia":[{"embeddable":true,"href":"https:\/\/www.fronteira.eu\/RISfronteira\/wp-json\/wp\/v2\/media\/1647"}],"wp:attachment":[{"href":"https:\/\/www.fronteira.eu\/RISfronteira\/wp-json\/wp\/v2\/media?parent=165"}],"curies":[{"name":"wp","href":"https:\/\/api.w.org\/{rel}","templated":true}]}}

Fundación ASPAYM Castilla y León

<figure class="wp-block-image size-full img-logo_socio"><img loading="lazy" width="500" height="200" src="https://www.fronteira.eu/RISfronteira/wp-content/uploads/2024/11/socio27-aspaym.png" alt="ASPAYM Castilla y León" class="wp-image-1647" srcset="https://www.fronteira.eu/RISfronteira/wp-content/uploads/2024/11/socio27-aspaym.png 500w, https://www.fronteira.eu/RISfronteira/wp-content/uploads/2024/11/socio27-aspaym-300x120.png 300w, https://www.fronteira.eu/RISfronteira/wp-content/uploads/2024/11/socio27-aspaym-200x80.png 200w" sizes="(max-width: 500px) 100vw, 500px" /></figure>



<h3>Dirección:</h3>



<p>Calle de Treviño, 74, 47008 Valladolid (España)&nbsp;</p>



<h3>Habilidades y experiencias relevantes:</h3>



<p>ASPAYM Castilla y León nace en 1992 con el objetivo de mejorar la calidad de vida de las personas con discapacidad. En sus inicios la entidad se centró en la atención de personas con lesión medular de la comunidad, sin embargo, durante sus años de actividad, ASPAYM Castilla y León ha ido evolucionando acorde con la sociedad, dando atención a todo tipo de discapacidad física (lesión medular, ictus, ataxia, etc). Tras posicionarse en la comunidad como una entidad de referencia en el campo de la discapacidad, abre todos sus servicios a la sociedad en general, generando una metodología de trabajo inclusiva, donde todas las personas tienen cabida.</p>



<p>ASPAYM Castilla y León trabaja con nuevos proyectos para posibilitar la inclusión social y laboral de las personas con discapacidad y lograr que lleven a cabo cualquier tipo de actividad sin ninguna limitación. La entidad se plantea ser una asociación líder, que, a través de la calidad de sus programas y actividades, de la investigación y la utilización de las nuevas tecnologías, proporcione a las personas con discapacidad, y a la sociedad en general, las herramientas necesarias para alcanzar su misión.</p>



<p>ASPAYM Castilla y León comparte el espíritu y los compromisos de la Agenda 2030 y de los Objetivos de Desarrollo Sostenible (ODS) para conseguir la igualdad entre las personas, proteger el planeta y asegurar la prosperidad. La actividad de la entidad se centra en promover la igualdad de las personas con discapacidad contribuyendo así a una sociedad más inclusiva.</p>



<p></p>



<h3>Página web, redes sociales y email de contacto:</h3>



<div class="redes-socios">

<p><span class="fa fa-globe"></span>    <a href="https://www.aspaymcyl.org/" target="_blank" rel="noopener noreferrer">www.aspaymcyl.org/</a></p>

<p><span class="fa fa-facebook-f"></span>    <a href="https://www.facebook.com/aspaym.castillayleon/" target="_blank" rel="noopener noreferrer">www.facebook.com/aspaym.castillayleon/ </a></p>

<p><span class="fa fa-twitter"></span>    <a href="https://twitter.com/Aspaym_CyL" target="_blank" rel="noopener noreferrer">twitter.com/Aspaym_CyL</a></p>

<p><span class="fa fa-instagram"></span>    <a href="https://www.instagram.com/aspaym_cyl/" target="_blank" rel="noopener noreferrer">www.instagram.com/aspaym_cyl/</a></p>

<p><span class="fa fa-youtube"></span>    <a href="https://www.youtube.com/user/aspaymcyl" target="_blank" rel="noopener noreferrer">www.youtube.com/user/aspaymcyl</a></p>

<p><span class="fa fa-flickr"></span>    <a href="https://www.flickr.com/photos/aspaymcyl/" target="_blank" rel="noopener noreferrer">www.flickr.com/photos/aspaymcyl/</a></p>

<p><span class="fa fa-envelope"></span>  <a href="mailto:aspaymcyl@aspaymcyl.org" target="_blank" rel="noopener noreferrer">aspaymcyl@aspaymcyl.org</a></p> 
</div>

<p>ASPAYM Castilla y León nace en 1992 con el objetivo de mejorar la calidad de vida de las personas con discapacidad. </p>
