{"id":163,"date":"2020-04-13T07:30:06","date_gmt":"2020-04-13T07:30:06","guid":{"rendered":"http:\/\/desarrollo.fronteira.eu\/RISfronteira\/?page_id=163"},"modified":"2024-11-19T10:00:46","modified_gmt":"2024-11-19T10:00:46","slug":"fundacion-intras","status":"publish","type":"page","link":"https:\/\/www.fronteira.eu\/RISfronteira\/socios\/fundacion-intras\/","title":{"rendered":"Fundaci\u00f3n INTRAS"},"content":{"rendered":"\n<figure class=\"wp-block-image size-full img-logo_socio\"><img loading=\"lazy\" width=\"500\" height=\"200\" src=\"https:\/\/www.fronteira.eu\/RISfronteira\/wp-content\/uploads\/2024\/11\/socio25-intras.jpg\" alt=\"Fundaci\u00f3n intras\" class=\"wp-image-1645\" srcset=\"https:\/\/www.fronteira.eu\/RISfronteira\/wp-content\/uploads\/2024\/11\/socio25-intras.jpg 500w, https:\/\/www.fronteira.eu\/RISfronteira\/wp-content\/uploads\/2024\/11\/socio25-intras-300x120.jpg 300w, https:\/\/www.fronteira.eu\/RISfronteira\/wp-content\/uploads\/2024\/11\/socio25-intras-200x80.jpg 200w\" sizes=\"(max-width: 500px) 100vw, 500px\" \/><\/figure>\n\n\n\n<h3>Direcci\u00f3n:<\/h3>\n\n\n\n<p>Mart\u00edn Santos Romero, 1. 47016 Valladolid, Espa\u00f1a<\/p>\n\n\n\n<h3>Descripci\u00f3n, competencias y experiencias relevantes:<\/h3>\n\n\n\n<p>Fundaci\u00f3n INTRAS es una entidad sin \u00e1nimo de lucro creada en 1994 que, con un equipo de casi 600 profesionales, acompa\u00f1amos a personas con problemas de salud mental en la recuperaci\u00f3n de sus proyectos de vida.<\/p>\n\n\n\n<p>Ofrece servicios profesionales para atender las necesidades de las personas: alojamiento, formaci\u00f3n, empleo, asistencia personal, ocio y tiempo libre, apoyo mutuo, investigaci\u00f3n, psicolog\u00eda y rehabilitaci\u00f3n psicosocial\u2026. Cuenta con centros en 6 provincias de Castilla y Le\u00f3n (Valladolid, Zamora, Salamanca, Burgos, Palencia y \u00c1vila) y Madrid, adem\u00e1s de trabajar en red con entidades de toda Europa a trav\u00e9s del desarrollo de proyectos.<\/p>\n\n\n\n<h3>P\u00e1gina web, redes sociales y email de contacto:<\/h3>\n\n\n\n<div class=\"redes-socios\">\n<p><span class=\"fa fa-globe\"><\/span>    <a href=\"https:\/\/www.intras.es\/\" target=\"_blank\" rel=\"noopener noreferrer\">https:\/\/www.intras.es\/<\/a><\/p>\n\n<p><span class=\"fa fa-facebook-f\"><\/span>    <a href=\"https:\/\/www.facebook.com\/fintras\/\" target=\"_blank\" rel=\"noopener noreferrer\">https:\/\/www.facebook.com\/fintras\/<\/a><\/p>\n\n<p><span class=\"fa fa-twitter\"><\/span>    <a href=\"https:\/\/twitter.com\/fintras\" target=\"_blank\" rel=\"noopener noreferrer\">https:\/\/twitter.com\/fintras\/<\/a><\/p>\n\n<p><span class=\"fa fa-instagram\"><\/span>    <a href=\"https:\/\/www.instagram.com\/fintras\/\" target=\"_blank\" rel=\"noopener noreferrer\">https:\/\/www.instagram.com\/fintras\/<\/a><\/p>\n\n<p><span class=\"fa fa-envelope\"><\/span>  <a href=\"mailto:pp@intras.es\" target=\"_blank\" rel=\"noopener noreferrer\">Pablo S\u00e1nchez: psp@intras.es<\/a><\/p>\n \n<\/div>\n\n\n\n<p><\/p>\n","protected":false},"excerpt":{"rendered":"<p>Fundaci\u00f3n INTRAS es una entidad sin \u00e1nimo de lucro creada en 1994 que, con un equipo de casi 600 profesionales, acompa\u00f1amos a personas con problemas de salud mental en la recuperaci\u00f3n de sus proyectos de vida.<\/p>\n","protected":false},"author":1,"featured_media":225,"parent":26,"menu_order":0,"comment_status":"closed","ping_status":"closed","template":"","meta":[],"_links":{"self":[{"href":"https:\/\/www.fronteira.eu\/RISfronteira\/wp-json\/wp\/v2\/pages\/163"}],"collection":[{"href":"https:\/\/www.fronteira.eu\/RISfronteira\/wp-json\/wp\/v2\/pages"}],"about":[{"href":"https:\/\/www.fronteira.eu\/RISfronteira\/wp-json\/wp\/v2\/types\/page"}],"author":[{"embeddable":true,"href":"https:\/\/www.fronteira.eu\/RISfronteira\/wp-json\/wp\/v2\/users\/1"}],"replies":[{"embeddable":true,"href":"https:\/\/www.fronteira.eu\/RISfronteira\/wp-json\/wp\/v2\/comments?post=163"}],"version-history":[{"count":29,"href":"https:\/\/www.fronteira.eu\/RISfronteira\/wp-json\/wp\/v2\/pages\/163\/revisions"}],"predecessor-version":[{"id":1708,"href":"https:\/\/www.fronteira.eu\/RISfronteira\/wp-json\/wp\/v2\/pages\/163\/revisions\/1708"}],"up":[{"embeddable":true,"href":"https:\/\/www.fronteira.eu\/RISfronteira\/wp-json\/wp\/v2\/pages\/26"}],"wp:featuredmedia":[{"embeddable":true,"href":"https:\/\/www.fronteira.eu\/RISfronteira\/wp-json\/wp\/v2\/media\/225"}],"wp:attachment":[{"href":"https:\/\/www.fronteira.eu\/RISfronteira\/wp-json\/wp\/v2\/media?parent=163"}],"curies":[{"name":"wp","href":"https:\/\/api.w.org\/{rel}","templated":true}]}}

Fundación INTRAS

<figure class="wp-block-image size-full img-logo_socio"><img loading="lazy" width="500" height="200" src="https://www.fronteira.eu/RISfronteira/wp-content/uploads/2024/11/socio25-intras.jpg" alt="Fundación intras" class="wp-image-1645" srcset="https://www.fronteira.eu/RISfronteira/wp-content/uploads/2024/11/socio25-intras.jpg 500w, https://www.fronteira.eu/RISfronteira/wp-content/uploads/2024/11/socio25-intras-300x120.jpg 300w, https://www.fronteira.eu/RISfronteira/wp-content/uploads/2024/11/socio25-intras-200x80.jpg 200w" sizes="(max-width: 500px) 100vw, 500px" /></figure>



<h3>Dirección:</h3>



<p>Martín Santos Romero, 1. 47016 Valladolid, España</p>



<h3>Descripción, competencias y experiencias relevantes:</h3>



<p>Fundación INTRAS es una entidad sin ánimo de lucro creada en 1994 que, con un equipo de casi 600 profesionales, acompañamos a personas con problemas de salud mental en la recuperación de sus proyectos de vida.</p>



<p>Ofrece servicios profesionales para atender las necesidades de las personas: alojamiento, formación, empleo, asistencia personal, ocio y tiempo libre, apoyo mutuo, investigación, psicología y rehabilitación psicosocial…. Cuenta con centros en 6 provincias de Castilla y León (Valladolid, Zamora, Salamanca, Burgos, Palencia y Ávila) y Madrid, además de trabajar en red con entidades de toda Europa a través del desarrollo de proyectos.</p>



<h3>Página web, redes sociales y email de contacto:</h3>



<div class="redes-socios">
<p><span class="fa fa-globe"></span>    <a href="https://www.intras.es/" target="_blank" rel="noopener noreferrer">https://www.intras.es/</a></p>

<p><span class="fa fa-facebook-f"></span>    <a href="https://www.facebook.com/fintras/" target="_blank" rel="noopener noreferrer">https://www.facebook.com/fintras/</a></p>

<p><span class="fa fa-twitter"></span>    <a href="https://twitter.com/fintras" target="_blank" rel="noopener noreferrer">https://twitter.com/fintras/</a></p>

<p><span class="fa fa-instagram"></span>    <a href="https://www.instagram.com/fintras/" target="_blank" rel="noopener noreferrer">https://www.instagram.com/fintras/</a></p>

<p><span class="fa fa-envelope"></span>  <a href="mailto:pp@intras.es" target="_blank" rel="noopener noreferrer">Pablo Sánchez: psp@intras.es</a></p>
 
</div>



<p></p>

<p>Fundación INTRAS es una entidad sin ánimo de lucro creada en 1994 que, con un equipo de casi 600 profesionales, acompañamos a personas con problemas de salud mental en la recuperación de sus proyectos de vida.</p>
